{"id":545,"date":"2019-08-19T15:08:45","date_gmt":"2019-08-19T13:08:45","guid":{"rendered":"http:\/\/arci-hdf.org\/?page_id=545"},"modified":"2021-03-30T13:57:29","modified_gmt":"2021-03-30T11:57:29","slug":"cineligue-propose-la-septieme-edition-de-son-festival-jeune-public-les-ptites-toiles-demile","status":"publish","type":"page","link":"http:\/\/arci-hdf.org\/?page_id=545","title":{"rendered":"2019 &#8211; Cin\u00e9Ligue propose la septi\u00e8me \u00e9dition de son festival jeune public \u00ab\u00a0Les P&rsquo;tites Toiles d&rsquo;Emile\u00a0\u00bb"},"content":{"rendered":"<h3 style=\"text-align: center;\">Le festival de cin\u00e9ma itin\u00e9rant jeune public de Cin\u00e9Ligue \u00ab\u00a0Les P&rsquo;tites Toiles d&rsquo;Emile\u00a0\u00bb est de retour dans les Flandres<\/h3>\n<p>&nbsp;<\/p>\n<p>Pour la septi\u00e8me ann\u00e9e cons\u00e9cutive, l&rsquo;association Cin\u00e9Ligue Hauts-de-France organise le festival de cin\u00e9ma itin\u00e9rant \u00ab Les P&rsquo;tites toiles d&rsquo;\u00c9mile \u00bb \u00e0 destination des enfants, des adolescents, des familles et des amateurs de cin\u00e9ma jeune public. Quinze jours de temps fort pour partager, \u00e9changer et s&rsquo;amuser autour de la trentaine de projections et d&rsquo;animations propos\u00e9es du 4 au 19 avril 2019 dans 12 communes des Flandres.<\/p>\n<p>Des vacances de P\u00e2ques ax\u00e9es autour du chocolat mais aussi&#8230; du cin\u00e9ma. En effet, 12 communes des Flandres accueilleront prochainement \u00ab\u00a0Les P&rsquo;tites toiles d&rsquo;\u00c9mile\u00a0\u00bb ; un festival n\u00e9 en mai 2012 dans le bassin minier. Depuis trois ans, Cin\u00e9Ligue et ses nombreux partenaires travaillent conjointement au d\u00e9veloppement de l&rsquo;\u00e9ducation artistique et culturelle des espaces ruraux et s&rsquo;implantent aujourd&rsquo;hui durablement dans le territoire des Flandres, situ\u00e9 entre la M\u00e9tropole lilloise et le Dunkerquois.<\/p>\n<p>Fort de cette synergie, Cin\u00e9Ligue s&rsquo;appuie sur un r\u00e9seau de partenaires pour offrir une nouvelle \u00e9dition \u00e0 la programmation pens\u00e9e pour le plus grand nombre. Ce rendez-vous annuel est un v\u00e9ritable concentr\u00e9 du meilleur du cin\u00e9ma : films de l\u2019actualit\u00e9, programmes de courts-m\u00e9trages ou encore s\u00e9ries anim\u00e9es. Tout au long de ces 15 jours, diverses animations originales et ludiques &#8211; adapt\u00e9es \u00e0 l&rsquo;\u00e2ge du public (d\u00e8s 2 ans) &#8211; accompagneront les projections : atelier parents\/enfants, escape-game, cin\u00e9-gaming, cin\u00e9-concert, atelier s\u00e9ries, cin\u00e9-chant\u00e9, atelier bruitage, atelier graf, etc.<\/p>\n<p>En lien avec l&rsquo;Association R\u00e9gionale des Cin\u00e9mas Itin\u00e9rants, Cin\u00e9Ligue mettra en place le premier atelier s\u00e9rie autour des Simpson du r\u00e9seau des circuits itin\u00e9rants, le jeudi 18 avril \u00e0 Rexpo\u00ebde, pour les adolescents de la commune.<\/p>\n<p style=\"text-align: center;\"><strong><em>Les P\u2019tites Toiles d\u2019Emile #7 du 04 avril au 19 avril 2019<\/em><\/strong><br \/>\n<strong><em>Tarif unique : 2,60\u20ac la s\u00e9ance (2,50\u20ac \u00e0 Coudekerque-Branche)<\/em><\/strong><\/p>\n<p style=\"text-align: center;\">Au programme : 12 communes partenaires (Bierne, Bo\u00ebseghem, Bollezeele, Coudekerque-Branche,<br \/>\nEsquelbecq, Godewaersvelde, Hondschoote, Ochtezeele, Rexpo\u00ebde, Saint-Pierre-Brouck, Socx, Steenvoorde)<br \/>\n30 projections \/ 24 films \/ 3 sorties nationales : Dumbo, Terra Willy &amp; Ariol prend l&rsquo;avion (et autres<br \/>\nt\u00eates en l&rsquo;air) \/ 1 avant-premi\u00e8re avec le programme r\u00e9gional \u00ab Loups tendres, loufoques ! \u00bb \/ 1<br \/>\nchasse aux tr\u00e9sors dans le village patrimoine d&rsquo;Esquelbecq et 2 spectacles sur les coulisses du<br \/>\nbruitage par J.C Feldis<\/p>\n<p style=\"text-align: left;\">Retrouvez le programme complet de l&rsquo;\u00e9dition 2019 <a href=\"http:\/\/arci-hdf.org\/wp-content\/uploads\/2019\/08\/Version-d\u00e9finitive-PROGRAMME.pdf\">ici<\/a><\/p>\n<p>Retrouverez l&rsquo;historique complet de l&rsquo;\u00e9v\u00e9nement <em>Les P&rsquo;tites Toiles d&rsquo;Emile<\/em> <a href=\"http:\/\/arci-hdf.org\/?page_id=549\">ici<\/a><\/p>\n","protected":false},"excerpt":{"rendered":"<p>Le festival de cin\u00e9ma itin\u00e9rant jeune public de Cin\u00e9Ligue \u00ab\u00a0Les P&rsquo;tites Toiles d&rsquo;Emile\u00a0\u00bb est de retour dans les Flandres &nbsp; Pour la septi\u00e8me ann\u00e9e cons\u00e9cutive, l&rsquo;association Cin\u00e9Ligue Hauts-de-France organise le festival de cin\u00e9ma itin\u00e9rant \u00ab Les P&rsquo;tites toiles d&rsquo;\u00c9mile \u00bb \u00e0 destination des enfants, des adolescents, des familles et des amateurs de cin\u00e9ma jeune public.&hellip; <br \/> <a class=\"button small blue\" href=\"http:\/\/arci-hdf.org\/?page_id=545\">Lire la suite<\/a><\/p>\n","protected":false},"author":1,"featured_media":0,"parent":0,"menu_order":0,"comment_status":"closed","ping_status":"closed","template":"","meta":[],"_links":{"self":[{"href":"http:\/\/arci-hdf.org\/index.php?rest_route=\/wp\/v2\/pages\/545"}],"collection":[{"href":"http:\/\/arci-hdf.org\/index.php?rest_route=\/wp\/v2\/pages"}],"about":[{"href":"http:\/\/arci-hdf.org\/index.php?rest_route=\/wp\/v2\/types\/page"}],"author":[{"embeddable":true,"href":"http:\/\/arci-hdf.org\/index.php?rest_route=\/wp\/v2\/users\/1"}],"replies":[{"embeddable":true,"href":"http:\/\/arci-hdf.org\/index.php?rest_route=%2Fwp%2Fv2%2Fcomments&post=545"}],"version-history":[{"count":7,"href":"http:\/\/arci-hdf.org\/index.php?rest_route=\/wp\/v2\/pages\/545\/revisions"}],"predecessor-version":[{"id":950,"href":"http:\/\/arci-hdf.org\/index.php?rest_route=\/wp\/v2\/pages\/545\/revisions\/950"}],"wp:attachment":[{"href":"http:\/\/arci-hdf.org\/index.php?rest_route=%2Fwp%2Fv2%2Fmedia&parent=545"}],"curies":[{"name":"wp","href":"https:\/\/api.w.org\/{rel}","templated":true}]}}

2019 &#8211; CinéLigue propose la septième édition de son festival jeune public « Les P&rsquo;tites Toiles d&rsquo;Emile »

<h3 style="text-align: center;">Le festival de cinéma itinérant jeune public de CinéLigue « Les P&rsquo;tites Toiles d&rsquo;Emile » est de retour dans les Flandres</h3>
<p>&nbsp;</p>
<p>Pour la septième année consécutive, l&rsquo;association CinéLigue Hauts-de-France organise le festival de cinéma itinérant « Les P&rsquo;tites toiles d&rsquo;Émile » à destination des enfants, des adolescents, des familles et des amateurs de cinéma jeune public. Quinze jours de temps fort pour partager, échanger et s&rsquo;amuser autour de la trentaine de projections et d&rsquo;animations proposées du 4 au 19 avril 2019 dans 12 communes des Flandres.</p>
<p>Des vacances de Pâques axées autour du chocolat mais aussi&#8230; du cinéma. En effet, 12 communes des Flandres accueilleront prochainement « Les P&rsquo;tites toiles d&rsquo;Émile » ; un festival né en mai 2012 dans le bassin minier. Depuis trois ans, CinéLigue et ses nombreux partenaires travaillent conjointement au développement de l&rsquo;éducation artistique et culturelle des espaces ruraux et s&rsquo;implantent aujourd&rsquo;hui durablement dans le territoire des Flandres, situé entre la Métropole lilloise et le Dunkerquois.</p>
<p>Fort de cette synergie, CinéLigue s&rsquo;appuie sur un réseau de partenaires pour offrir une nouvelle édition à la programmation pensée pour le plus grand nombre. Ce rendez-vous annuel est un véritable concentré du meilleur du cinéma : films de l’actualité, programmes de courts-métrages ou encore séries animées. Tout au long de ces 15 jours, diverses animations originales et ludiques &#8211; adaptées à l&rsquo;âge du public (dès 2 ans) &#8211; accompagneront les projections : atelier parents/enfants, escape-game, ciné-gaming, ciné-concert, atelier séries, ciné-chanté, atelier bruitage, atelier graf, etc.</p>
<p>En lien avec l&rsquo;Association Régionale des Cinémas Itinérants, CinéLigue mettra en place le premier atelier série autour des Simpson du réseau des circuits itinérants, le jeudi 18 avril à Rexpoëde, pour les adolescents de la commune.</p>
<p style="text-align: center;"><strong><em>Les P’tites Toiles d’Emile #7 du 04 avril au 19 avril 2019</em></strong><br />
<strong><em>Tarif unique : 2,60€ la séance (2,50€ à Coudekerque-Branche)</em></strong></p>
<p style="text-align: center;">Au programme : 12 communes partenaires (Bierne, Boëseghem, Bollezeele, Coudekerque-Branche,<br />
Esquelbecq, Godewaersvelde, Hondschoote, Ochtezeele, Rexpoëde, Saint-Pierre-Brouck, Socx, Steenvoorde)<br />
30 projections / 24 films / 3 sorties nationales : Dumbo, Terra Willy &amp; Ariol prend l&rsquo;avion (et autres<br />
têtes en l&rsquo;air) / 1 avant-première avec le programme régional « Loups tendres, loufoques ! » / 1<br />
chasse aux trésors dans le village patrimoine d&rsquo;Esquelbecq et 2 spectacles sur les coulisses du<br />
bruitage par J.C Feldis</p>
<p style="text-align: left;">Retrouvez le programme complet de l&rsquo;édition 2019 <a href="http://arci-hdf.org/wp-content/uploads/2019/08/Version-définitive-PROGRAMME.pdf">ici</a></p>
<p>Retrouverez l&rsquo;historique complet de l&rsquo;événement <em>Les P&rsquo;tites Toiles d&rsquo;Emile</em> <a href="http://arci-hdf.org/?page_id=549">ici</a></p>

<p>Le festival de cinéma itinérant jeune public de CinéLigue « Les P&rsquo;tites Toiles d&rsquo;Emile » est de retour dans les Flandres &nbsp; Pour la septième année consécutive, l&rsquo;association CinéLigue Hauts-de-France organise le festival de cinéma itinérant « Les P&rsquo;tites toiles d&rsquo;Émile » à destination des enfants, des adolescents, des familles et des amateurs de cinéma jeune public.&hellip; <br /> <a class="button small blue" href="http://arci-hdf.org/?page_id=545">Lire la suite</a></p>
