{"id":672,"date":"2020-03-18T11:26:31","date_gmt":"2020-03-18T10:26:31","guid":{"rendered":"http:\/\/arci-hdf.org\/?page_id=672"},"modified":"2020-04-10T16:10:56","modified_gmt":"2020-04-10T14:10:56","slug":"larci-participe-a-la-fete-nationale-du-court-metrage","status":"publish","type":"page","link":"http:\/\/arci-hdf.org\/?page_id=672","title":{"rendered":"l&rsquo;ARCI participe \u00e0 la f\u00eate nationale du court-m\u00e9trage"},"content":{"rendered":"<h3 style=\"text-align: center;\">Les circuits de l&rsquo;ARCI relaye la f\u00eate du court-m\u00e9trage avec des programmes et avant-programmes de la programmation du dispositif national !<\/h3>\n<p>&nbsp;<\/p>\n<p><strong>MAJ 13\/03\/2020<\/strong><\/p>\n<p>C&rsquo;est avec le c\u0153ur lourd que nous annon\u00e7ons l&rsquo;annulation des s\u00e9ances avec la f\u00eate du court-m\u00e9trage, due \u00e0 l&rsquo;\u00e9pid\u00e9mie du Coronavirus. Nous apportons tout notre soutien \u00e0 l&rsquo;\u00e9quipe de l&rsquo;\u00e9v\u00e9nement national, qui chaque ann\u00e9e, travaille \u00e0 la mise en place de ce festival national.<\/p>\n<p>&nbsp;<\/p>\n<p><strong>MAJ 14\/02\/2020<\/strong><\/p>\n<p>Dans le cadre de l&rsquo;\u00e9v\u00e9nement national de la f\u00eate du court-m\u00e9trage organis\u00e9e par l&rsquo;Association \u00ab\u00a0F\u00eate des courts, f\u00eate des Films\u00a0\u00bb, les circuits de l&rsquo;ARCI ont choisi de diffuser leurs coups de c\u0153ur de la programmation dans leurs circuits. Du 25 au 31 mars 2020, les publics des milieux ruraux pourront donc assister \u00e0 des s\u00e9ances de leurs films pr\u00e9f\u00e9r\u00e9s en savourant des avant-programmes minutieusement choisis en fonction des spectateurs et du film diffus\u00e9.<\/p>\n<p>Retrouvez la programmation des quatre circuits de cin\u00e9ma itin\u00e9rant des Hauts-de-France :<\/p>\n<p>&#8211;&gt; Le 25 mars 2020 &#8211;&gt; Retrouvez les programmes de court-m\u00e9trages \u00ab\u00a0<em>Les petits monde de L\u00e9o<\/em>\u00a0\u00bb et \u00ab\u00a0<em>Fais moi rire<\/em>\u00a0\u00bb \u00e0 Marquise (62)<\/p>\n<p>&#8211;&gt; Le 30 mars 2020 &#8211;&gt; Retrouvez le programme de court-m\u00e9trage \u00ab\u00a0<em>Plan\u00e8te durable<\/em>\u00a0\u00bb \u00e0 Br\u00e9teuil (60)<\/p>\n<p>&#8211;&gt; Dans l&rsquo;Aisne et la Somme, chaque s\u00e9ance tout public de la semaine b\u00e9n\u00e9ficiera de l&rsquo;avant programme \u00ab\u00a0<em>Je suis l&rsquo;ombre d&rsquo;une flemme<\/em>\u00ab\u00a0. Les projections jeune public pr\u00e9senteront l&rsquo;avant-programme \u00ab\u00a0<em>Robo<\/em>\u00ab\u00a0.<\/p>\n<p>&#8211;&gt; Dans l&rsquo;Oise, le court-m\u00e9trage hilarant \u00ab\u00a0<em>Street Credibility<\/em>\u00a0\u00bb sera diffus\u00e9 devant toutes les s\u00e9ances jeunes publics. Les plus grands pourront profiter du petit film \u00ab\u00a0<em>Une poign\u00e9e de main historique<\/em>\u00a0\u00bb avant leur s\u00e9ance.<\/p>\n","protected":false},"excerpt":{"rendered":"<p>Les circuits de l&rsquo;ARCI relaye la f\u00eate du court-m\u00e9trage avec des programmes et avant-programmes de la programmation du dispositif national ! &nbsp; MAJ 13\/03\/2020 C&rsquo;est avec le c\u0153ur lourd que nous annon\u00e7ons l&rsquo;annulation des s\u00e9ances avec la f\u00eate du court-m\u00e9trage, due \u00e0 l&rsquo;\u00e9pid\u00e9mie du Coronavirus. Nous apportons tout notre soutien \u00e0 l&rsquo;\u00e9quipe de l&rsquo;\u00e9v\u00e9nement national,&hellip; <br \/> <a class=\"button small blue\" href=\"http:\/\/arci-hdf.org\/?page_id=672\">Lire la suite<\/a><\/p>\n","protected":false},"author":1,"featured_media":0,"parent":0,"menu_order":0,"comment_status":"closed","ping_status":"closed","template":"","meta":[],"_links":{"self":[{"href":"http:\/\/arci-hdf.org\/index.php?rest_route=\/wp\/v2\/pages\/672"}],"collection":[{"href":"http:\/\/arci-hdf.org\/index.php?rest_route=\/wp\/v2\/pages"}],"about":[{"href":"http:\/\/arci-hdf.org\/index.php?rest_route=\/wp\/v2\/types\/page"}],"author":[{"embeddable":true,"href":"http:\/\/arci-hdf.org\/index.php?rest_route=\/wp\/v2\/users\/1"}],"replies":[{"embeddable":true,"href":"http:\/\/arci-hdf.org\/index.php?rest_route=%2Fwp%2Fv2%2Fcomments&post=672"}],"version-history":[{"count":1,"href":"http:\/\/arci-hdf.org\/index.php?rest_route=\/wp\/v2\/pages\/672\/revisions"}],"predecessor-version":[{"id":702,"href":"http:\/\/arci-hdf.org\/index.php?rest_route=\/wp\/v2\/pages\/672\/revisions\/702"}],"wp:attachment":[{"href":"http:\/\/arci-hdf.org\/index.php?rest_route=%2Fwp%2Fv2%2Fmedia&parent=672"}],"curies":[{"name":"wp","href":"https:\/\/api.w.org\/{rel}","templated":true}]}}