{"id":1008,"date":"2021-04-02T12:18:53","date_gmt":"2021-04-02T10:18:53","guid":{"rendered":"http:\/\/arci-hdf.org\/?page_id=1008"},"modified":"2022-08-10T10:32:04","modified_gmt":"2022-08-10T08:32:04","slug":"des-atelier-autour-de-la-realite-virtuelle","status":"publish","type":"page","link":"https:\/\/arci-hdf.org\/?page_id=1008","title":{"rendered":"Des ateliers autour des cam\u00e9ras 360\u00b0"},"content":{"rendered":"<h3 style=\"text-align: center;\">Des ateliers autour des cam\u00e9ras 360\u00b0 se d\u00e9veloppent dans les r\u00e9seaux de l&rsquo;ARCI-HdF<\/h3>\n<p>&nbsp;<\/p>\n<p>Pour mettre en place un atelier de r\u00e9alisation autour des cam\u00e9ras 360\u00b0 dans votre commune, cliquez <a href=\"http:\/\/arci-hdf.org\/wp-content\/uploads\/2022\/08\/Atelier-360.pdf\">ici<\/a>.<\/p>\n<p><u>Notre atelier autour des cam\u00e9ras 360\u00b0<\/u> est adapt\u00e9 pour un groupe de 10 jeunes maximum \u00e0 partir de 11 ans. La formule est la suivante :<\/p>\n<p>&#8211;&gt; <strong>Une partie th\u00e9orique<\/strong> autour langage cin\u00e9matographique et initiation aux \u00e9tapes de la cr\u00e9ation d&rsquo;un film.<\/p>\n<p>&#8211;&gt; <strong>Une partie d\u00e9couverte<\/strong> de la cam\u00e9ra \u00e0 360 degr\u00e9s.<\/p>\n<p>&#8211;&gt; <strong>Une partie \u00e9criture<\/strong> d&rsquo;un sc\u00e9nario.<\/p>\n<p>&#8211;&gt; <strong>Une partie tournage<\/strong> d&rsquo;un ou plusieurs court-m\u00e9trages.<\/p>\n<p>&#8211;&gt; <strong>Une partie pr\u00e9paration<\/strong> de la diffusion de l&rsquo;\u0153uvre cr\u00e9\u00e9e.<\/p>\n<p>N\u2019h\u00e9sitez pas \u00e0 contacter Simon JANOT (simon.janot@arci-hdf.org) pour toute demande d\u2019informations compl\u00e9mentaires !<\/p>\n<p>&nbsp;<\/p>\n<p><strong>MAJ 31\/03\/21 &#8211; Les ateliers mis en place par l&rsquo;association R\u00e9gionale des Cin\u00e9mas Itin\u00e9rants des Hauts-de-France<\/strong><\/p>\n<p>&#8211;&gt; 13\/08\/20 &#8211; R\u00e9ty (62) (Club ados) &#8211; Hors temps scolaire<\/p>\n<p><span style=\"font-family: 'Source Sans Pro', sans-serif; font-size: 18px;\">&#8211;&gt; ANNULE &#8211; Rouvroy (62) (MJC et CAJ) &#8211; Hors temps scolaire<\/span><\/p>\n<p>&#8211;&gt; 08\/07\/21 &#8211; Wormhout (59) (CCHF) &#8211; Hors temps scolaire<\/p>\n<p><span style=\"font-size: 18px; font-family: 'Source Sans Pro', sans-serif;\">&#8211;&gt; 24\/07\/21 &#8211; Herzeele (59) (CCHF) &#8211; Hors temps scolaire<\/span><\/p>\n<p>&#8211;&gt; 31\/07\/21 &#8211; Watten (59) (CCHF) &#8211; Hors temps scolaire<\/p>\n<p>&#8211;&gt; ANNULE &#8211; Denain (59) &#8211; Hors temps scolaire<\/p>\n<p>&#8211;&gt; ANNULE &#8211; Nieurlet (59) (CCHF) &#8211; Hors temps scolaire<\/p>\n<p>&#8211;&gt; 19\/08\/21 &#8211; Rexpo\u00ebde (59) (Centre de loisirs) &#8211; Hors temps scolaire<\/p>\n<p>&#8211;&gt; 21\/08\/21 &#8211; Crochte (59) (CCHF) &#8211; Hors temps scolaire<\/p>\n<p>&#8211;&gt; 13\/10\/21 &#8211; Fleurbaix (62) (M\u00e9diath\u00e8que) &#8211; Hors temps scolaire<\/p>\n<p>&#8211;&gt; 29\/10\/21 &#8211; Wingles (62) (Service culturel de la Mairie en partenariat avec la M\u00e9diath\u00e8que) &#8211; Hors temps scolaire<\/p>\n<p>&#8211;&gt; 12\/04\/21 &#8211; B\u00e9thisy-saint-Pierre (60) (Centre de loisirs) &#8211; Hors temps scolaire<\/p>\n<p>&nbsp;<\/p>\n<p><strong>17\/08\/20 &#8211; Retour sur le premier atelier autour de la r\u00e9alit\u00e9 virtuelle<\/strong><\/p>\n<p>Cette ann\u00e9e, l&rsquo;ARCI-HdF a d\u00e9cid\u00e9 d&rsquo;investir dans son propre mat\u00e9riel de r\u00e9alisation, afin de mener des ateliers autour de la r\u00e9alit\u00e9 virtuelle. Gr\u00e2ce \u00e0 une cam\u00e9ra \u00e0 360 degr\u00e9s, les salari\u00e9s de l&rsquo;ARCI de Cin\u00e9Ligue ont pu imaginer un atelier de r\u00e9alisation, permettant aux jeunes d&rsquo;\u00e9crire, de tourner et de r\u00e9aliser des court-m\u00e9trages en r\u00e9alit\u00e9 virtuelle. Les jeunes pourront voir leur r\u00e9alisation en r\u00e9alit\u00e9 virtuelle, gr\u00e2ce \u00e0 des casques sp\u00e9cifiques !<\/p>\n<p>Un premier atelier test a eu lieu \u00e0 R\u00e9ty, ce jeudi 13 ao\u00fbt dernier avec 9 jeunes du club ados de la commune !<\/p>\n<p><img loading=\"lazy\" class=\"alignnone wp-image-1011 size-medium\" src=\"http:\/\/arci-hdf.org\/wp-content\/uploads\/2021\/04\/DSCF1029-300x200.jpeg\" alt=\"\" width=\"300\" height=\"200\" srcset=\"https:\/\/arci-hdf.org\/wp-content\/uploads\/2021\/04\/DSCF1029-300x200.jpeg 300w, https:\/\/arci-hdf.org\/wp-content\/uploads\/2021\/04\/DSCF1029-768x512.jpeg 768w, https:\/\/arci-hdf.org\/wp-content\/uploads\/2021\/04\/DSCF1029-1024x683.jpeg 1024w, https:\/\/arci-hdf.org\/wp-content\/uploads\/2021\/04\/DSCF1029-1620x1080.jpeg 1620w\" sizes=\"(max-width: 300px) 100vw, 300px\" \/> <img loading=\"lazy\" class=\"alignnone wp-image-1012 size-medium\" src=\"http:\/\/arci-hdf.org\/wp-content\/uploads\/2021\/04\/IMG_7844-300x200.jpg\" alt=\"\" width=\"300\" height=\"200\" srcset=\"https:\/\/arci-hdf.org\/wp-content\/uploads\/2021\/04\/IMG_7844-300x200.jpg 300w, https:\/\/arci-hdf.org\/wp-content\/uploads\/2021\/04\/IMG_7844-768x512.jpg 768w, https:\/\/arci-hdf.org\/wp-content\/uploads\/2021\/04\/IMG_7844-1024x683.jpg 1024w, https:\/\/arci-hdf.org\/wp-content\/uploads\/2021\/04\/IMG_7844.jpg 1136w\" sizes=\"(max-width: 300px) 100vw, 300px\" \/><\/p>\n","protected":false},"excerpt":{"rendered":"<p>Des ateliers autour des cam\u00e9ras 360\u00b0 se d\u00e9veloppent dans les r\u00e9seaux de l&rsquo;ARCI-HdF &nbsp; Pour mettre en place un atelier de r\u00e9alisation autour des cam\u00e9ras 360\u00b0 dans votre commune, cliquez ici. Notre atelier autour des cam\u00e9ras 360\u00b0 est adapt\u00e9 pour un groupe de 10 jeunes maximum \u00e0 partir de 11 ans. La formule est la&hellip; <br \/> <a class=\"button small blue\" href=\"https:\/\/arci-hdf.org\/?page_id=1008\">Lire la suite<\/a><\/p>\n","protected":false},"author":1,"featured_media":0,"parent":0,"menu_order":0,"comment_status":"closed","ping_status":"closed","template":"","meta":[],"_links":{"self":[{"href":"https:\/\/arci-hdf.org\/index.php?rest_route=\/wp\/v2\/pages\/1008"}],"collection":[{"href":"https:\/\/arci-hdf.org\/index.php?rest_route=\/wp\/v2\/pages"}],"about":[{"href":"https:\/\/arci-hdf.org\/index.php?rest_route=\/wp\/v2\/types\/page"}],"author":[{"embeddable":true,"href":"https:\/\/arci-hdf.org\/index.php?rest_route=\/wp\/v2\/users\/1"}],"replies":[{"embeddable":true,"href":"https:\/\/arci-hdf.org\/index.php?rest_route=%2Fwp%2Fv2%2Fcomments&post=1008"}],"version-history":[{"count":14,"href":"https:\/\/arci-hdf.org\/index.php?rest_route=\/wp\/v2\/pages\/1008\/revisions"}],"predecessor-version":[{"id":1373,"href":"https:\/\/arci-hdf.org\/index.php?rest_route=\/wp\/v2\/pages\/1008\/revisions\/1373"}],"wp:attachment":[{"href":"https:\/\/arci-hdf.org\/index.php?rest_route=%2Fwp%2Fv2%2Fmedia&parent=1008"}],"curies":[{"name":"wp","href":"https:\/\/api.w.org\/{rel}","templated":true}]}}

Des ateliers autour des caméras 360°

<h3 style="text-align: center;">Des ateliers autour des caméras 360° se développent dans les réseaux de l&rsquo;ARCI-HdF</h3>
<p>&nbsp;</p>
<p>Pour mettre en place un atelier de réalisation autour des caméras 360° dans votre commune, cliquez <a href="http://arci-hdf.org/wp-content/uploads/2022/08/Atelier-360.pdf">ici</a>.</p>
<p><u>Notre atelier autour des caméras 360°</u> est adapté pour un groupe de 10 jeunes maximum à partir de 11 ans. La formule est la suivante :</p>
<p>&#8211;&gt; <strong>Une partie théorique</strong> autour langage cinématographique et initiation aux étapes de la création d&rsquo;un film.</p>
<p>&#8211;&gt; <strong>Une partie découverte</strong> de la caméra à 360 degrés.</p>
<p>&#8211;&gt; <strong>Une partie écriture</strong> d&rsquo;un scénario.</p>
<p>&#8211;&gt; <strong>Une partie tournage</strong> d&rsquo;un ou plusieurs court-métrages.</p>
<p>&#8211;&gt; <strong>Une partie préparation</strong> de la diffusion de l&rsquo;œuvre créée.</p>
<p>N’hésitez pas à contacter Simon JANOT (simon.janot@arci-hdf.org) pour toute demande d’informations complémentaires !</p>
<p>&nbsp;</p>
<p><strong>MAJ 31/03/21 &#8211; Les ateliers mis en place par l&rsquo;association Régionale des Cinémas Itinérants des Hauts-de-France</strong></p>
<p>&#8211;&gt; 13/08/20 &#8211; Réty (62) (Club ados) &#8211; Hors temps scolaire</p>
<p><span style="font-family: 'Source Sans Pro', sans-serif; font-size: 18px;">&#8211;&gt; ANNULE &#8211; Rouvroy (62) (MJC et CAJ) &#8211; Hors temps scolaire</span></p>
<p>&#8211;&gt; 08/07/21 &#8211; Wormhout (59) (CCHF) &#8211; Hors temps scolaire</p>
<p><span style="font-size: 18px; font-family: 'Source Sans Pro', sans-serif;">&#8211;&gt; 24/07/21 &#8211; Herzeele (59) (CCHF) &#8211; Hors temps scolaire</span></p>
<p>&#8211;&gt; 31/07/21 &#8211; Watten (59) (CCHF) &#8211; Hors temps scolaire</p>
<p>&#8211;&gt; ANNULE &#8211; Denain (59) &#8211; Hors temps scolaire</p>
<p>&#8211;&gt; ANNULE &#8211; Nieurlet (59) (CCHF) &#8211; Hors temps scolaire</p>
<p>&#8211;&gt; 19/08/21 &#8211; Rexpoëde (59) (Centre de loisirs) &#8211; Hors temps scolaire</p>
<p>&#8211;&gt; 21/08/21 &#8211; Crochte (59) (CCHF) &#8211; Hors temps scolaire</p>
<p>&#8211;&gt; 13/10/21 &#8211; Fleurbaix (62) (Médiathèque) &#8211; Hors temps scolaire</p>
<p>&#8211;&gt; 29/10/21 &#8211; Wingles (62) (Service culturel de la Mairie en partenariat avec la Médiathèque) &#8211; Hors temps scolaire</p>
<p>&#8211;&gt; 12/04/21 &#8211; Béthisy-saint-Pierre (60) (Centre de loisirs) &#8211; Hors temps scolaire</p>
<p>&nbsp;</p>
<p><strong>17/08/20 &#8211; Retour sur le premier atelier autour de la réalité virtuelle</strong></p>
<p>Cette année, l&rsquo;ARCI-HdF a décidé d&rsquo;investir dans son propre matériel de réalisation, afin de mener des ateliers autour de la réalité virtuelle. Grâce à une caméra à 360 degrés, les salariés de l&rsquo;ARCI de CinéLigue ont pu imaginer un atelier de réalisation, permettant aux jeunes d&rsquo;écrire, de tourner et de réaliser des court-métrages en réalité virtuelle. Les jeunes pourront voir leur réalisation en réalité virtuelle, grâce à des casques spécifiques !</p>
<p>Un premier atelier test a eu lieu à Réty, ce jeudi 13 août dernier avec 9 jeunes du club ados de la commune !</p>
<p><img loading="lazy" class="alignnone wp-image-1011 size-medium" src="http://arci-hdf.org/wp-content/uploads/2021/04/DSCF1029-300x200.jpeg" alt="" width="300" height="200" srcset="https://arci-hdf.org/wp-content/uploads/2021/04/DSCF1029-300x200.jpeg 300w, https://arci-hdf.org/wp-content/uploads/2021/04/DSCF1029-768x512.jpeg 768w, https://arci-hdf.org/wp-content/uploads/2021/04/DSCF1029-1024x683.jpeg 1024w, https://arci-hdf.org/wp-content/uploads/2021/04/DSCF1029-1620x1080.jpeg 1620w" sizes="(max-width: 300px) 100vw, 300px" /> <img loading="lazy" class="alignnone wp-image-1012 size-medium" src="http://arci-hdf.org/wp-content/uploads/2021/04/IMG_7844-300x200.jpg" alt="" width="300" height="200" srcset="https://arci-hdf.org/wp-content/uploads/2021/04/IMG_7844-300x200.jpg 300w, https://arci-hdf.org/wp-content/uploads/2021/04/IMG_7844-768x512.jpg 768w, https://arci-hdf.org/wp-content/uploads/2021/04/IMG_7844-1024x683.jpg 1024w, https://arci-hdf.org/wp-content/uploads/2021/04/IMG_7844.jpg 1136w" sizes="(max-width: 300px) 100vw, 300px" /></p>

<p>Des ateliers autour des caméras 360° se développent dans les réseaux de l&rsquo;ARCI-HdF &nbsp; Pour mettre en place un atelier de réalisation autour des caméras 360° dans votre commune, cliquez ici. Notre atelier autour des caméras 360° est adapté pour un groupe de 10 jeunes maximum à partir de 11 ans. La formule est la&hellip; <br /> <a class="button small blue" href="https://arci-hdf.org/?page_id=1008">Lire la suite</a></p>
