{"id":1083,"date":"2021-07-28T08:57:30","date_gmt":"2021-07-28T06:57:30","guid":{"rendered":"http:\/\/arci-hdf.org\/?page_id=1083"},"modified":"2025-06-02T15:12:31","modified_gmt":"2025-06-02T13:12:31","slug":"des-ateliers-autour-des-medias-et-des-fake-news","status":"publish","type":"page","link":"https:\/\/arci-hdf.org\/?page_id=1083","title":{"rendered":"Atelier sur les m\u00e9dias et les fake news"},"content":{"rendered":"\n<div class=\"wp-container-5 wp-block-columns\">\n<div class=\"wp-container-2 wp-block-column\">\n<div class=\"wp-container-1 is-content-justification-center wp-block-buttons\">\n<div class=\"wp-block-button\"><a class=\"wp-block-button__link has-vivid-cyan-blue-background-color has-background\" href=\"http:\/\/arci-hdf.org\/wp-content\/uploads\/2025\/06\/Communication-Atelier-Medias-et-Information-new.pdf\" target=\"_blank\" rel=\"noreferrer noopener\">D\u00e9couvrir l&rsquo;atelier en d\u00e9tail<\/a><\/div>\n<\/div>\n<\/div>\n\n\n\n<div class=\"wp-container-4 wp-block-column\">\n<div class=\"wp-container-3 is-content-justification-center wp-block-buttons\">\n<div class=\"wp-block-button\"><a class=\"wp-block-button__link has-vivid-cyan-blue-background-color has-background\" href=\"https:\/\/arci-hdf.org\/?page_id=2081\" target=\"_blank\" rel=\"noreferrer noopener\">Organiser un atelier<\/a><\/div>\n<\/div>\n<\/div>\n<\/div>\n\n\n\n<p>\u00c0 partir d&rsquo;un escape game itin\u00e9rant anim\u00e9 par nos soins, les participant\u00b7e\u00b7s \u00e0 l&rsquo;atelier sont invit\u00e9s \u00e0 d\u00e9monter une fake news propag\u00e9e sur les r\u00e9seaux sociaux. Apr\u00e8s cette partie ludique, nous discutons ensemble de notre rapport \u00e0 l&rsquo;information, des sources de confiance, des nouveaux enjeux num\u00e9riques des m\u00e9dias et de toutes les th\u00e9matiques qui peuvent int\u00e9resser les jeunes !<\/p>\n\n\n<div class=\"wp-block-image\">\n<figure class=\"aligncenter size-large\"><img loading=\"lazy\" width=\"1024\" height=\"576\" src=\"http:\/\/arci-hdf.org\/wp-content\/uploads\/2023\/02\/Fake-news-1024x576.png\" alt=\"\" class=\"wp-image-1643\" srcset=\"https:\/\/arci-hdf.org\/wp-content\/uploads\/2023\/02\/Fake-news-1024x576.png 1024w, https:\/\/arci-hdf.org\/wp-content\/uploads\/2023\/02\/Fake-news-300x169.png 300w, https:\/\/arci-hdf.org\/wp-content\/uploads\/2023\/02\/Fake-news-768x432.png 768w, https:\/\/arci-hdf.org\/wp-content\/uploads\/2023\/02\/Fake-news-1536x864.png 1536w, https:\/\/arci-hdf.org\/wp-content\/uploads\/2023\/02\/Fake-news.png 1920w\" sizes=\"(max-width: 1024px) 100vw, 1024px\" \/><\/figure><\/div>\n\n\n<h4 class=\"has-text-align-center\">\u00c0 partir de 12 ans pour 15 personnes maximum <\/h4>\n\n\n\n<p>L&rsquo;arriv\u00e9e du num\u00e9rique a marqu\u00e9 un changement majeur dans notre soci\u00e9t\u00e9 actuelle et dans nos usages quotidiens. La d\u00e9sinformation, avec le d\u00e9veloppement des th\u00e9ories du complot et conspirationnistes, des rumeurs, fake news, infox, nous d\u00e9tournent vers des chemins trompeurs ou \u00e0 l&rsquo;inverse, nous am\u00e8nent \u00e0 perdre confiance, voire rejeter les m\u00e9dias, les administrations, les sciences et la classe politique. C&rsquo;est cet ensemble de valeurs qui nous motivent \u00e0 mettre en place une \u00e9ducation aux m\u00e9dias et \u00e0 l&rsquo;information aupr\u00e8s des jeunes g\u00e9n\u00e9rations.<\/p>\n\n\n\n<h4>D\u00e9roulement de l&rsquo;atelier : <\/h4>\n\n\n\n<div class=\"wp-container-8 wp-block-columns\">\n<div class=\"wp-container-6 wp-block-column\">\n<p class=\"has-text-align-center\"><strong>Escape Game<\/strong><br><strong>Traqueur D&rsquo;Infox<\/strong><br>(Une demi-journ\u00e9e)<\/p>\n\n\n\n<ul><li>Mise en place de l&rsquo;Escape Game dans vos locaux<\/li><li>D\u00e9briefing et explication post-activit\u00e9<\/li><li>Activit\u00e9 ludique \u00ab\u00a0Moustique myst\u00e8re\u00a0\u00bb<\/li><li>Jeu en ligne \u00ab\u00a0g\u00e9o ado\u00a0\u00bb<\/li><li>Les images g\u00e9n\u00e9r\u00e9es par l\u2019intelligence artificielle, comment les d\u00e9busquer ?<\/li><\/ul>\n\n\n\n<p><\/p>\n<\/div>\n\n\n\n<div class=\"wp-container-7 wp-block-column\">\n<p class=\"has-text-align-center\"><strong>R\u00e9alisations vid\u00e9o<\/strong><br>(Deux Journ\u00e9es ou quatre demi-journ\u00e9es)<\/p>\n\n\n\n<p><\/p>\n\n\n\n<ul><li>\u00c9tude des codes des m\u00e9dias<\/li><li>\u00c9criture d&rsquo;une information<\/li><li>R\u00e9alisation d&rsquo;une production audiovisuelle de fausse information<\/li><\/ul>\n<\/div>\n<\/div>\n\n\n\n<p><\/p>\n\n\n\n<div class=\"wp-container-9 is-content-justification-center wp-block-buttons\">\n<div class=\"wp-block-button\"><a class=\"wp-block-button__link has-vivid-cyan-blue-background-color has-background\" href=\"https:\/\/arci-hdf.org\/?page_id=2100\">Liste des ateliers r\u00e9alis\u00e9s<\/a><\/div>\n<\/div>\n\n\n\n<div class=\"wp-container-10 is-content-justification-center wp-block-buttons\"><\/div>\n","protected":false},"excerpt":{"rendered":"<p>\u00c0 partir d&rsquo;un escape game itin\u00e9rant anim\u00e9 par nos soins, les participant\u00b7e\u00b7s \u00e0 l&rsquo;atelier sont invit\u00e9s \u00e0 d\u00e9monter une fake news propag\u00e9e sur les r\u00e9seaux sociaux. Apr\u00e8s cette partie ludique, nous discutons ensemble de notre rapport \u00e0 l&rsquo;information, des sources de confiance, des nouveaux enjeux num\u00e9riques des m\u00e9dias et de toutes les th\u00e9matiques qui peuvent&hellip; <br \/> <a class=\"button small blue\" href=\"https:\/\/arci-hdf.org\/?page_id=1083\">Lire la suite<\/a><\/p>\n","protected":false},"author":1,"featured_media":0,"parent":0,"menu_order":0,"comment_status":"closed","ping_status":"closed","template":"","meta":[],"_links":{"self":[{"href":"https:\/\/arci-hdf.org\/index.php?rest_route=\/wp\/v2\/pages\/1083"}],"collection":[{"href":"https:\/\/arci-hdf.org\/index.php?rest_route=\/wp\/v2\/pages"}],"about":[{"href":"https:\/\/arci-hdf.org\/index.php?rest_route=\/wp\/v2\/types\/page"}],"author":[{"embeddable":true,"href":"https:\/\/arci-hdf.org\/index.php?rest_route=\/wp\/v2\/users\/1"}],"replies":[{"embeddable":true,"href":"https:\/\/arci-hdf.org\/index.php?rest_route=%2Fwp%2Fv2%2Fcomments&post=1083"}],"version-history":[{"count":26,"href":"https:\/\/arci-hdf.org\/index.php?rest_route=\/wp\/v2\/pages\/1083\/revisions"}],"predecessor-version":[{"id":2401,"href":"https:\/\/arci-hdf.org\/index.php?rest_route=\/wp\/v2\/pages\/1083\/revisions\/2401"}],"wp:attachment":[{"href":"https:\/\/arci-hdf.org\/index.php?rest_route=%2Fwp%2Fv2%2Fmedia&parent=1083"}],"curies":[{"name":"wp","href":"https:\/\/api.w.org\/{rel}","templated":true}]}}