{"id":1200,"date":"2022-01-21T11:26:25","date_gmt":"2022-01-21T10:26:25","guid":{"rendered":"http:\/\/arci-hdf.org\/?page_id=1200"},"modified":"2022-01-21T12:10:49","modified_gmt":"2022-01-21T11:10:49","slug":"2022-un-appel-a-projet-est-lance-a-destination-des-realisateurs-trices-et-etudiants-tes-pour-des-capsules-videos","status":"publish","type":"page","link":"https:\/\/arci-hdf.org\/?page_id=1200","title":{"rendered":"2022 &#8211; Un appel \u00e0 projet est lanc\u00e9, \u00e0 destination des r\u00e9alisateurs.trices et \u00e9tudiants.tes pour des capsules vid\u00e9os"},"content":{"rendered":"<h3 style=\"text-align: center;\">Lancement d&rsquo;un Appel A Projet de l&rsquo;ARCI-HdF<\/h3>\n<p>&nbsp;<\/p>\n<p>En fin d&rsquo;ann\u00e9e 2021, l&rsquo;ARCI-HdF a re\u00e7u une subvention exceptionnelle de la DRAC pour la mise en place d&rsquo;un projet de capsules vid\u00e9os de pr\u00e9sentation des actions des cin\u00e9mas itin\u00e9rants. L&rsquo;association a donc lanc\u00e9 un appel \u00e0 projets \u00e0 destination de r\u00e9alisateurs.trices ou d&rsquo;\u00e9tudiant.tes des fili\u00e8res audiovisuelles des Hauts-de-France, avec pour objectif de pr\u00e9senter les activit\u00e9s des cin\u00e9mas itin\u00e9rants de la R\u00e9gion sous forme de cr\u00e9ations originales vid\u00e9ographiques d&rsquo;une dur\u00e9e de 1&rsquo;00 \u00e0 1&rsquo;30.<\/p>\n<p>Ces capsules pourront prendre n&rsquo;importe quelle forme : animation, fiction, montages photos, documentaire, etc.. et seront diffus\u00e9es en avant-programme des s\u00e9ances de cin\u00e9ma mises en place par les circuits itin\u00e9rants. Elles pourront \u00e9galement \u00eatre diffus\u00e9es sur les r\u00e9seaux sociaux des circuits, comme accroche \u00e0 la pr\u00e9sentation d&rsquo;activit\u00e9s. Cependant, elles n&rsquo;ont pas pour vocation d&rsquo;\u00eatre des films promotionnels ou publicitaires.<\/p>\n<p>Un comit\u00e9 de s\u00e9lection entre les diff\u00e9rents acteurs des cin\u00e9mas itin\u00e9rants de la R\u00e9gion et des membres de la DRAC Hauts-de-France se tiendra lors du prochain Conseil d&rsquo;Administration de l&rsquo;ARCI-HdF le mercredi 30 mars 2022 dans les locaux de la coordination r\u00e9gionale des MJC, \u00e0 Saint-Quentin. Les projets des artistes devront \u00eatre rendus avant le 31 ao\u00fbt 2022, afin que la diffusion des \u0153uvres d\u00e9marrent d\u00e8s la rentr\u00e9e de septembre 2022.<\/p>\n<p>Retrouvez l&rsquo;Appel A Projet en cliquant <a href=\"http:\/\/arci-hdf.org\/wp-content\/uploads\/2022\/01\/Appel-\u00e0-projet-Capsules-vid\u00e9os.pdf\">ici<\/a>.<\/p>\n","protected":false},"excerpt":{"rendered":"<p>Lancement d&rsquo;un Appel A Projet de l&rsquo;ARCI-HdF &nbsp; En fin d&rsquo;ann\u00e9e 2021, l&rsquo;ARCI-HdF a re\u00e7u une subvention exceptionnelle de la DRAC pour la mise en place d&rsquo;un projet de capsules vid\u00e9os de pr\u00e9sentation des actions des cin\u00e9mas itin\u00e9rants. L&rsquo;association a donc lanc\u00e9 un appel \u00e0 projets \u00e0 destination de r\u00e9alisateurs.trices ou d&rsquo;\u00e9tudiant.tes des fili\u00e8res audiovisuelles&hellip; <br \/> <a class=\"button small blue\" href=\"https:\/\/arci-hdf.org\/?page_id=1200\">Lire la suite<\/a><\/p>\n","protected":false},"author":1,"featured_media":0,"parent":0,"menu_order":0,"comment_status":"closed","ping_status":"closed","template":"","meta":[],"_links":{"self":[{"href":"https:\/\/arci-hdf.org\/index.php?rest_route=\/wp\/v2\/pages\/1200"}],"collection":[{"href":"https:\/\/arci-hdf.org\/index.php?rest_route=\/wp\/v2\/pages"}],"about":[{"href":"https:\/\/arci-hdf.org\/index.php?rest_route=\/wp\/v2\/types\/page"}],"author":[{"embeddable":true,"href":"https:\/\/arci-hdf.org\/index.php?rest_route=\/wp\/v2\/users\/1"}],"replies":[{"embeddable":true,"href":"https:\/\/arci-hdf.org\/index.php?rest_route=%2Fwp%2Fv2%2Fcomments&post=1200"}],"version-history":[{"count":2,"href":"https:\/\/arci-hdf.org\/index.php?rest_route=\/wp\/v2\/pages\/1200\/revisions"}],"predecessor-version":[{"id":1205,"href":"https:\/\/arci-hdf.org\/index.php?rest_route=\/wp\/v2\/pages\/1200\/revisions\/1205"}],"wp:attachment":[{"href":"https:\/\/arci-hdf.org\/index.php?rest_route=%2Fwp%2Fv2%2Fmedia&parent=1200"}],"curies":[{"name":"wp","href":"https:\/\/api.w.org\/{rel}","templated":true}]}}