{"id":1721,"date":"2023-05-16T15:12:34","date_gmt":"2023-05-16T13:12:34","guid":{"rendered":"https:\/\/arci-hdf.org\/?page_id=1721"},"modified":"2023-05-16T15:12:35","modified_gmt":"2023-05-16T13:12:35","slug":"un-cine-spectacle-debat-a-dury-le-13-05","status":"publish","type":"page","link":"https:\/\/arci-hdf.org\/?page_id=1721","title":{"rendered":"Un cin\u00e9-spectacle-d\u00e9bat \u00e0 Dury le 13\/05"},"content":{"rendered":"\n<p>Le samedi 13 mai 2023 a \u00e9t\u00e9 projet\u00e9 \u00e0 Dury (62) le film <em>Les Folies Fermi\u00e8res<\/em>. Pour l&rsquo;occasion l&rsquo;artiste Drag Queen r\u00e9gionale Alexa Vend\u00f4me (<a rel=\"noreferrer noopener\" href=\"https:\/\/www.instagram.com\/alexa.vendome\/\" target=\"_blank\">@alexa.vendome<\/a>) est venue faire un show en apr\u00e8s-s\u00e9ance. Deux titres ont \u00e9t\u00e9 perform\u00e9s en lipsync. Le public a ensuite pu lui poser ses questions pendant un mini-d\u00e9bat d&rsquo;une vingtaine de minutes. <\/p>\n\n\n\n<p>Les 37 spectateur.ice.s venu.e.s \u00e0 cette s\u00e9ance exceptionnelle \u00e9taient ravi.e.s du spectacle et ont pu poser des questions sur le temps de pr\u00e9paration, les diff\u00e9rentes disciplines artistiques qui font parties du drag, la diff\u00e9rence avec le transformisme, sur l&rsquo;identit\u00e9 de genre ou encore sur l&rsquo;histoire du cabaret en France et dans le monde !<\/p>\n\n\n\n<p>Voici quelques photos de cette m\u00e9morable soir\u00e9e.<\/p>\n\n\n\n<p> <\/p>\n\n\n\n<figure class=\"wp-block-image size-large\"><img loading=\"lazy\" width=\"1024\" height=\"251\" src=\"https:\/\/arci-hdf.org\/wp-content\/uploads\/2023\/05\/mont-1024x251.png\" alt=\"\" class=\"wp-image-1723\" srcset=\"https:\/\/arci-hdf.org\/wp-content\/uploads\/2023\/05\/mont-1024x251.png 1024w, https:\/\/arci-hdf.org\/wp-content\/uploads\/2023\/05\/mont-300x74.png 300w, https:\/\/arci-hdf.org\/wp-content\/uploads\/2023\/05\/mont-768x188.png 768w, https:\/\/arci-hdf.org\/wp-content\/uploads\/2023\/05\/mont-1536x377.png 1536w, https:\/\/arci-hdf.org\/wp-content\/uploads\/2023\/05\/mont-2048x502.png 2048w, https:\/\/arci-hdf.org\/wp-content\/uploads\/2023\/05\/mont-1920x471.png 1920w\" sizes=\"(max-width: 1024px) 100vw, 1024px\" \/><figcaption>Alexa pendant le Drag show et r\u00e9pondant aux questions du public<\/figcaption><\/figure>\n","protected":false},"excerpt":{"rendered":"<p>Le samedi 13 mai 2023 a \u00e9t\u00e9 projet\u00e9 \u00e0 Dury (62) le film Les Folies Fermi\u00e8res. Pour l&rsquo;occasion l&rsquo;artiste Drag Queen r\u00e9gionale Alexa Vend\u00f4me (@alexa.vendome) est venue faire un show en apr\u00e8s-s\u00e9ance. Deux titres ont \u00e9t\u00e9 perform\u00e9s en lipsync. Le public a ensuite pu lui poser ses questions pendant un mini-d\u00e9bat d&rsquo;une vingtaine de minutes.&hellip; <br \/> <a class=\"button small blue\" href=\"https:\/\/arci-hdf.org\/?page_id=1721\">Lire la suite<\/a><\/p>\n","protected":false},"author":1,"featured_media":0,"parent":0,"menu_order":0,"comment_status":"closed","ping_status":"closed","template":"","meta":[],"_links":{"self":[{"href":"https:\/\/arci-hdf.org\/index.php?rest_route=\/wp\/v2\/pages\/1721"}],"collection":[{"href":"https:\/\/arci-hdf.org\/index.php?rest_route=\/wp\/v2\/pages"}],"about":[{"href":"https:\/\/arci-hdf.org\/index.php?rest_route=\/wp\/v2\/types\/page"}],"author":[{"embeddable":true,"href":"https:\/\/arci-hdf.org\/index.php?rest_route=\/wp\/v2\/users\/1"}],"replies":[{"embeddable":true,"href":"https:\/\/arci-hdf.org\/index.php?rest_route=%2Fwp%2Fv2%2Fcomments&post=1721"}],"version-history":[{"count":1,"href":"https:\/\/arci-hdf.org\/index.php?rest_route=\/wp\/v2\/pages\/1721\/revisions"}],"predecessor-version":[{"id":1724,"href":"https:\/\/arci-hdf.org\/index.php?rest_route=\/wp\/v2\/pages\/1721\/revisions\/1724"}],"wp:attachment":[{"href":"https:\/\/arci-hdf.org\/index.php?rest_route=%2Fwp%2Fv2%2Fmedia&parent=1721"}],"curies":[{"name":"wp","href":"https:\/\/api.w.org\/{rel}","templated":true}]}}