{"id":1750,"date":"2023-06-16T15:13:06","date_gmt":"2023-06-16T13:13:06","guid":{"rendered":"https:\/\/arci-hdf.org\/?page_id=1750"},"modified":"2023-06-16T15:13:06","modified_gmt":"2023-06-16T13:13:06","slug":"lancement-de-la-saison-2023-des-seances-en-plein-air","status":"publish","type":"page","link":"https:\/\/arci-hdf.org\/?page_id=1750","title":{"rendered":"Lancement de la saison 2023 des s\u00e9ances en plein air !"},"content":{"rendered":"\n<p>Cette ann\u00e9e ce sont plus de 110 s\u00e9ances qui sont organis\u00e9es dans les Hauts-de-France pour animer vos soir\u00e9es d&rsquo;\u00e9t\u00e9 ! <\/p>\n\n\n\n<p>Retrouvez la programmation de la saison de s\u00e9ances en plein air dans le document ci-dessous ! Bonnes projections sous les \u00e9toiles !<\/p>\n\n\n\n<p><\/p>\n\n\n\n<p>Vous pouvez aussi retrouver le <a rel=\"noreferrer noopener\" href=\"http:\/\/arci-hdf.org\/wp-content\/uploads\/2023\/06\/Communique-de-Presse.pdf\" target=\"_blank\">communiqu\u00e9 de presse ici<\/a> et la <a href=\"http:\/\/u.osmfr.org\/m\/929015\/\" target=\"_blank\" rel=\"noreferrer noopener\">carte des communes o\u00f9 une s\u00e9ance est pr\u00e9vue ici<\/a><\/p>\n\n\n\n<div class=\"wp-block-file\"><object class=\"wp-block-file__embed\" data=\"https:\/\/arci-hdf.org\/wp-content\/uploads\/2023\/06\/Plaquette-2023.pdf\" type=\"application\/pdf\" style=\"width:100%;height:600px\" aria-label=\"Contenu embarqu\u00e9 Plaquette-2023.\"><\/object><a id=\"wp-block-file--media-0c2acb0c-cae0-455e-985a-042ea705bf3e\" href=\"https:\/\/arci-hdf.org\/wp-content\/uploads\/2023\/06\/Plaquette-2023.pdf\">Plaquette-2023<\/a><a href=\"https:\/\/arci-hdf.org\/wp-content\/uploads\/2023\/06\/Plaquette-2023.pdf\" class=\"wp-block-file__button\" download aria-describedby=\"wp-block-file--media-0c2acb0c-cae0-455e-985a-042ea705bf3e\">T\u00e9l\u00e9charger<\/a><\/div>\n\n\n\n<p>La carte des communes o\u00f9 des s\u00e9ances sont organis\u00e9es : <\/p>\n\n\n<p><iframe loading=\"lazy\" allowfullscreen=\"\" allow=\"geolocation\" src=\"\/\/umap.openstreetmap.fr\/fr\/map\/les-plein-air-des-hauts-de-france_929015?scaleControl=false&amp;miniMap=false&amp;scrollWheelZoom=false&amp;zoomControl=true&amp;allowEdit=false&amp;moreControl=true&amp;searchControl=null&amp;tilelayersControl=null&amp;embedControl=null&amp;datalayersControl=true&amp;onLoadPanel=undefined&amp;captionBar=false&amp;captionMenus=true\" width=\"100%\" height=\"300px\" frameborder=\"0\"><\/iframe><\/p>\n<p><a href=\"\/\/umap.openstreetmap.fr\/fr\/map\/les-plein-air-des-hauts-de-france_929015\">Voir en plein \u00e9cran<\/a><\/p>\n\n\n<p><\/p>\n","protected":false},"excerpt":{"rendered":"<p>Cette ann\u00e9e ce sont plus de 110 s\u00e9ances qui sont organis\u00e9es dans les Hauts-de-France pour animer vos soir\u00e9es d&rsquo;\u00e9t\u00e9 ! Retrouvez la programmation de la saison de s\u00e9ances en plein air dans le document ci-dessous ! Bonnes projections sous les \u00e9toiles ! Vous pouvez aussi retrouver le communiqu\u00e9 de presse ici et la carte des&hellip; <br \/> <a class=\"button small blue\" href=\"https:\/\/arci-hdf.org\/?page_id=1750\">Lire la suite<\/a><\/p>\n","protected":false},"author":1,"featured_media":0,"parent":0,"menu_order":0,"comment_status":"closed","ping_status":"closed","template":"","meta":[],"_links":{"self":[{"href":"https:\/\/arci-hdf.org\/index.php?rest_route=\/wp\/v2\/pages\/1750"}],"collection":[{"href":"https:\/\/arci-hdf.org\/index.php?rest_route=\/wp\/v2\/pages"}],"about":[{"href":"https:\/\/arci-hdf.org\/index.php?rest_route=\/wp\/v2\/types\/page"}],"author":[{"embeddable":true,"href":"https:\/\/arci-hdf.org\/index.php?rest_route=\/wp\/v2\/users\/1"}],"replies":[{"embeddable":true,"href":"https:\/\/arci-hdf.org\/index.php?rest_route=%2Fwp%2Fv2%2Fcomments&post=1750"}],"version-history":[{"count":1,"href":"https:\/\/arci-hdf.org\/index.php?rest_route=\/wp\/v2\/pages\/1750\/revisions"}],"predecessor-version":[{"id":1754,"href":"https:\/\/arci-hdf.org\/index.php?rest_route=\/wp\/v2\/pages\/1750\/revisions\/1754"}],"wp:attachment":[{"href":"https:\/\/arci-hdf.org\/index.php?rest_route=%2Fwp%2Fv2%2Fmedia&parent=1750"}],"curies":[{"name":"wp","href":"https:\/\/api.w.org\/{rel}","templated":true}]}}

Lancement de la saison 2023 des séances en plein air !

<p>Cette année ce sont plus de 110 séances qui sont organisées dans les Hauts-de-France pour animer vos soirées d&rsquo;été ! </p>



<p>Retrouvez la programmation de la saison de séances en plein air dans le document ci-dessous ! Bonnes projections sous les étoiles !</p>



<p></p>



<p>Vous pouvez aussi retrouver le <a rel="noreferrer noopener" href="http://arci-hdf.org/wp-content/uploads/2023/06/Communique-de-Presse.pdf" target="_blank">communiqué de presse ici</a> et la <a href="http://u.osmfr.org/m/929015/" target="_blank" rel="noreferrer noopener">carte des communes où une séance est prévue ici</a></p>



<div class="wp-block-file"><object class="wp-block-file__embed" data="https://arci-hdf.org/wp-content/uploads/2023/06/Plaquette-2023.pdf" type="application/pdf" style="width:100%;height:600px" aria-label="Contenu embarqué Plaquette-2023."></object><a id="wp-block-file--media-0c2acb0c-cae0-455e-985a-042ea705bf3e" href="https://arci-hdf.org/wp-content/uploads/2023/06/Plaquette-2023.pdf">Plaquette-2023</a><a href="https://arci-hdf.org/wp-content/uploads/2023/06/Plaquette-2023.pdf" class="wp-block-file__button" download aria-describedby="wp-block-file--media-0c2acb0c-cae0-455e-985a-042ea705bf3e">Télécharger</a></div>



<p>La carte des communes où des séances sont organisées : </p>


<p><iframe loading="lazy" allowfullscreen="" allow="geolocation" src="//umap.openstreetmap.fr/fr/map/les-plein-air-des-hauts-de-france_929015?scaleControl=false&amp;miniMap=false&amp;scrollWheelZoom=false&amp;zoomControl=true&amp;allowEdit=false&amp;moreControl=true&amp;searchControl=null&amp;tilelayersControl=null&amp;embedControl=null&amp;datalayersControl=true&amp;onLoadPanel=undefined&amp;captionBar=false&amp;captionMenus=true" width="100%" height="300px" frameborder="0"></iframe></p>
<p><a href="//umap.openstreetmap.fr/fr/map/les-plein-air-des-hauts-de-france_929015">Voir en plein écran</a></p>


<p></p>

<p>Cette année ce sont plus de 110 séances qui sont organisées dans les Hauts-de-France pour animer vos soirées d&rsquo;été ! Retrouvez la programmation de la saison de séances en plein air dans le document ci-dessous ! Bonnes projections sous les étoiles ! Vous pouvez aussi retrouver le communiqué de presse ici et la carte des&hellip; <br /> <a class="button small blue" href="https://arci-hdf.org/?page_id=1750">Lire la suite</a></p>
