{"id":1974,"date":"2024-03-28T16:35:23","date_gmt":"2024-03-28T15:35:23","guid":{"rendered":"https:\/\/arci-hdf.org\/?page_id=1974"},"modified":"2024-03-28T16:35:24","modified_gmt":"2024-03-28T15:35:24","slug":"premiere-restitution-de-letat-des-lieux-des-salles-des-circuits","status":"publish","type":"page","link":"https:\/\/arci-hdf.org\/?page_id=1974","title":{"rendered":"Premi\u00e8re restitution de l&rsquo;\u00e9tat des lieux des salles des circuits"},"content":{"rendered":"\n<p>Ce mardi 26 mars 2024 a eu lieu au th\u00e9\u00e2tre des trois ch\u00eanes au Quesnoy la premi\u00e8re restitution de l&rsquo;\u00e9tat des lieux des salles des circuits de cin\u00e9ma itin\u00e9rants de la r\u00e9gion Haut-de-France. Tous les partenaires de nos r\u00e9seaux ont \u00e9t\u00e9 invit\u00e9s ainsi que diff\u00e9rents repr\u00e9sentants de nos partenaires, financeurs et \u00e9lus locaux. <\/p>\n\n\n\n<p>La restitution a \u00e9t\u00e9 film\u00e9e et vous pouvez la retrouver dans son int\u00e9gralit\u00e9 ci-dessous :<\/p>\n\n\n\n<figure class=\"wp-block-embed is-type-video is-provider-youtube wp-block-embed-youtube wp-embed-aspect-16-9 wp-has-aspect-ratio\"><div class=\"wp-block-embed__wrapper\">\n<iframe loading=\"lazy\" title=\"Restitution Etat des lieux ARCI\" width=\"1778\" height=\"1000\" src=\"https:\/\/www.youtube.com\/embed\/kvKGd3pbDRc?feature=oembed\" frameborder=\"0\" allow=\"accelerometer; autoplay; clipboard-write; encrypted-media; gyroscope; picture-in-picture; web-share\" referrerpolicy=\"strict-origin-when-cross-origin\" allowfullscreen><\/iframe>\n<\/div><\/figure>\n\n\n\n<p>Ordre des prises de paroles :  <\/p>\n\n\n\n<p>Madame Axelle DECLERCK, 1\u00e8re adjointe, adjointe Culture&amp; Jumelages, C\u00e9r\u00e9monies, A\u00een\u00e9s<\/p>\n\n\n\n<p>Pr\u00e9sentation de l\u2019\u00e9tat des lieux par Marie Fi\u00e9vet &amp; Simon Janot<\/p>\n\n\n\n<p>Monsieur Benjamin ORLIANGE, Conseiller cin\u00e9ma et \u00e0 l\u2019image anim\u00e9e<\/p>\n\n\n\n<p>Monsieur Jean-Louis THOMAS, Pr\u00e9sident de l\u2019association QUERCINEMA<\/p>\n\n\n\n<p>Madame Perrine BLANCHARD, Charg\u00e9e de mission (Arrageois-Ternois), Arts visuels et Cin\u00e9ma<\/p>\n\n\n\n<p>Madame Marie-Sophie LESNE, Vice-Pr\u00e9sidente \u00e0 l&rsquo;agriculture, de l\u2019agroalimentaire, de l\u2019enseignement agricole et de la p\u00eache et maire de la ville du Quesnoy<\/p>\n\n\n\n<p>Retrouvez le dossier complet de l&rsquo;\u00e9tat des lieux <a href=\"https:\/\/arci-hdf.org\/?page_id=1810\">sur cette page<\/a>.<\/p>\n","protected":false},"excerpt":{"rendered":"<p>Ce mardi 26 mars 2024 a eu lieu au th\u00e9\u00e2tre des trois ch\u00eanes au Quesnoy la premi\u00e8re restitution de l&rsquo;\u00e9tat des lieux des salles des circuits de cin\u00e9ma itin\u00e9rants de la r\u00e9gion Haut-de-France. Tous les partenaires de nos r\u00e9seaux ont \u00e9t\u00e9 invit\u00e9s ainsi que diff\u00e9rents repr\u00e9sentants de nos partenaires, financeurs et \u00e9lus locaux. La restitution&hellip; <br \/> <a class=\"button small blue\" href=\"https:\/\/arci-hdf.org\/?page_id=1974\">Lire la suite<\/a><\/p>\n","protected":false},"author":1,"featured_media":0,"parent":0,"menu_order":0,"comment_status":"closed","ping_status":"closed","template":"","meta":[],"_links":{"self":[{"href":"https:\/\/arci-hdf.org\/index.php?rest_route=\/wp\/v2\/pages\/1974"}],"collection":[{"href":"https:\/\/arci-hdf.org\/index.php?rest_route=\/wp\/v2\/pages"}],"about":[{"href":"https:\/\/arci-hdf.org\/index.php?rest_route=\/wp\/v2\/types\/page"}],"author":[{"embeddable":true,"href":"https:\/\/arci-hdf.org\/index.php?rest_route=\/wp\/v2\/users\/1"}],"replies":[{"embeddable":true,"href":"https:\/\/arci-hdf.org\/index.php?rest_route=%2Fwp%2Fv2%2Fcomments&post=1974"}],"version-history":[{"count":1,"href":"https:\/\/arci-hdf.org\/index.php?rest_route=\/wp\/v2\/pages\/1974\/revisions"}],"predecessor-version":[{"id":1977,"href":"https:\/\/arci-hdf.org\/index.php?rest_route=\/wp\/v2\/pages\/1974\/revisions\/1977"}],"wp:attachment":[{"href":"https:\/\/arci-hdf.org\/index.php?rest_route=%2Fwp%2Fv2%2Fmedia&parent=1974"}],"curies":[{"name":"wp","href":"https:\/\/api.w.org\/{rel}","templated":true}]}}

Première restitution de l&rsquo;état des lieux des salles des circuits

<p>Ce mardi 26 mars 2024 a eu lieu au théâtre des trois chênes au Quesnoy la première restitution de l&rsquo;état des lieux des salles des circuits de cinéma itinérants de la région Haut-de-France. Tous les partenaires de nos réseaux ont été invités ainsi que différents représentants de nos partenaires, financeurs et élus locaux. </p>



<p>La restitution a été filmée et vous pouvez la retrouver dans son intégralité ci-dessous :</p>



<figure class="wp-block-embed is-type-video is-provider-youtube wp-block-embed-youtube wp-embed-aspect-16-9 wp-has-aspect-ratio"><div class="wp-block-embed__wrapper">
<iframe loading="lazy" title="Restitution Etat des lieux ARCI" width="1778" height="1000" src="https://www.youtube.com/embed/kvKGd3pbDRc?feature=oembed" frameborder="0" allow="accelerometer; autoplay; clipboard-write; encrypted-media; gyroscope; picture-in-picture; web-share" referrerpolicy="strict-origin-when-cross-origin" allowfullscreen></iframe>
</div></figure>



<p>Ordre des prises de paroles :  </p>



<p>Madame Axelle DECLERCK, 1ère adjointe, adjointe Culture&amp; Jumelages, Cérémonies, Aînés</p>



<p>Présentation de l’état des lieux par Marie Fiévet &amp; Simon Janot</p>



<p>Monsieur Benjamin ORLIANGE, Conseiller cinéma et à l’image animée</p>



<p>Monsieur Jean-Louis THOMAS, Président de l’association QUERCINEMA</p>



<p>Madame Perrine BLANCHARD, Chargée de mission (Arrageois-Ternois), Arts visuels et Cinéma</p>



<p>Madame Marie-Sophie LESNE, Vice-Présidente à l&rsquo;agriculture, de l’agroalimentaire, de l’enseignement agricole et de la pêche et maire de la ville du Quesnoy</p>



<p>Retrouvez le dossier complet de l&rsquo;état des lieux <a href="https://arci-hdf.org/?page_id=1810">sur cette page</a>.</p>

<p>Ce mardi 26 mars 2024 a eu lieu au théâtre des trois chênes au Quesnoy la première restitution de l&rsquo;état des lieux des salles des circuits de cinéma itinérants de la région Haut-de-France. Tous les partenaires de nos réseaux ont été invités ainsi que différents représentants de nos partenaires, financeurs et élus locaux. La restitution&hellip; <br /> <a class="button small blue" href="https://arci-hdf.org/?page_id=1974">Lire la suite</a></p>
