{"id":1987,"date":"2024-06-06T17:05:24","date_gmt":"2024-06-06T15:05:24","guid":{"rendered":"https:\/\/arci-hdf.org\/?page_id=1987"},"modified":"2024-06-06T17:05:42","modified_gmt":"2024-06-06T15:05:42","slug":"hommage-a-daniel-boys","status":"publish","type":"page","link":"https:\/\/arci-hdf.org\/?page_id=1987","title":{"rendered":"Hommage \u00e0 Daniel Boys"},"content":{"rendered":"\n<p><\/p>\n\n\n<div class=\"wp-block-image\">\n<figure class=\"aligncenter size-full\"><img loading=\"lazy\" width=\"459\" height=\"484\" src=\"https:\/\/arci-hdf.org\/wp-content\/uploads\/2024\/06\/18856911.jpeg\" alt=\"\" class=\"wp-image-1988\" srcset=\"https:\/\/arci-hdf.org\/wp-content\/uploads\/2024\/06\/18856911.jpeg 459w, https:\/\/arci-hdf.org\/wp-content\/uploads\/2024\/06\/18856911-285x300.jpeg 285w\" sizes=\"(max-width: 459px) 100vw, 459px\" \/><\/figure><\/div>\n\n\n<p>Emport\u00e9 par la maladie, Daniel Boys, pr\u00e9sident de l&rsquo;ARCI-HdF, nous a quitt\u00e9s ce lundi. Nous adressons nos pens\u00e9es et nos condol\u00e9ances les plus sinc\u00e8res \u00e0 sa famille, ses proches et ses collaborateurs, avec qui il a partag\u00e9 de nombreuses ann\u00e9es d&rsquo;engagement. Depuis la cr\u00e9ation de l&rsquo;association en 2018, Daniel Boys a \u00e9t\u00e9 un pilier, et au-del\u00e0 de son pr\u00e9cieux travail pour l&rsquo;ARCI-HdF, son d\u00e9vouement envers l&rsquo;acc\u00e8s \u00e0 la culture pour tous, l&rsquo;\u00e9ducation populaire et le vivre-ensemble continuera de nous inspirer dans nos actions. Son humanisme nous manquera, mais nous incitera \u00e0 poursuivre avec d\u00e9termination nos missions.<\/p>\n\n\n\n<p>Sa disparition laisse un grand vide, tant son r\u00f4le fut important pour la structuration et le d\u00e9veloppement du cin\u00e9ma itin\u00e9rant dans les Hauts-de-France. Il \u00e9tait et restera un grande source d&rsquo;inspiration dans notre action et nous continuerons de tout faire pour ne laisser aucun jeune de c\u00f4t\u00e9 et pour aiguiser leur regard sur le monde des images. <\/p>\n\n\n\n<p>Nous garderons en m\u00e9moire sa bienveillance, son engagement et sa capacit\u00e9 d&rsquo;adaptation face aux changements et \u00e9volutions des structures dans lesquelles il s\u2019est investi. Ses qualit\u00e9s et le travail qu&rsquo;il a effectu\u00e9 avec nous demeureront des atouts pr\u00e9cieux qui nous guideront encore longtemps la r\u00e9alisation des missions d&rsquo;\u00e9ducation populaire qui nous incombent.<\/p>\n","protected":false},"excerpt":{"rendered":"<p>Emport\u00e9 par la maladie, Daniel Boys, pr\u00e9sident de l&rsquo;ARCI-HdF, nous a quitt\u00e9s ce lundi. Nous adressons nos pens\u00e9es et nos condol\u00e9ances les plus sinc\u00e8res \u00e0 sa famille, ses proches et ses collaborateurs, avec qui il a partag\u00e9 de nombreuses ann\u00e9es d&rsquo;engagement. Depuis la cr\u00e9ation de l&rsquo;association en 2018, Daniel Boys a \u00e9t\u00e9 un pilier, et&hellip; <br \/> <a class=\"button small blue\" href=\"https:\/\/arci-hdf.org\/?page_id=1987\">Lire la suite<\/a><\/p>\n","protected":false},"author":1,"featured_media":0,"parent":0,"menu_order":0,"comment_status":"closed","ping_status":"closed","template":"","meta":[],"_links":{"self":[{"href":"https:\/\/arci-hdf.org\/index.php?rest_route=\/wp\/v2\/pages\/1987"}],"collection":[{"href":"https:\/\/arci-hdf.org\/index.php?rest_route=\/wp\/v2\/pages"}],"about":[{"href":"https:\/\/arci-hdf.org\/index.php?rest_route=\/wp\/v2\/types\/page"}],"author":[{"embeddable":true,"href":"https:\/\/arci-hdf.org\/index.php?rest_route=\/wp\/v2\/users\/1"}],"replies":[{"embeddable":true,"href":"https:\/\/arci-hdf.org\/index.php?rest_route=%2Fwp%2Fv2%2Fcomments&post=1987"}],"version-history":[{"count":3,"href":"https:\/\/arci-hdf.org\/index.php?rest_route=\/wp\/v2\/pages\/1987\/revisions"}],"predecessor-version":[{"id":1991,"href":"https:\/\/arci-hdf.org\/index.php?rest_route=\/wp\/v2\/pages\/1987\/revisions\/1991"}],"wp:attachment":[{"href":"https:\/\/arci-hdf.org\/index.php?rest_route=%2Fwp%2Fv2%2Fmedia&parent=1987"}],"curies":[{"name":"wp","href":"https:\/\/api.w.org\/{rel}","templated":true}]}}