{"id":2081,"date":"2024-09-12T10:01:46","date_gmt":"2024-09-12T08:01:46","guid":{"rendered":"https:\/\/arci-hdf.org\/?page_id=2081"},"modified":"2024-09-12T10:23:40","modified_gmt":"2024-09-12T08:23:40","slug":"organiser-un-atelier","status":"publish","type":"page","link":"https:\/\/arci-hdf.org\/?page_id=2081","title":{"rendered":"Organiser un atelier"},"content":{"rendered":"\n<p>Vous souhaitez organiser un atelier de <a rel=\"noreferrer noopener\" href=\"http:\/\/arci-hdf.org\/wp-content\/uploads\/2023\/04\/Catalogue-Ateliers-ARCI-HdF-3.pdf\" target=\"_blank\">notre catalogue<\/a> ? Remplissez ce formulaire et nous reviendrons vers vous pour pr\u00e9ciser l&rsquo;organisation de l&rsquo;atelier et vous envoyer un devis. Vous pouvez aussi nous envoyer un mail directement \u00e0 <a href=\"mailto:contact@arci-hdf.org\">contact@arci-hdf.org<\/a> ou par t\u00e9l\u00e9phone au 06 60 71 43 81.<\/p>\n\n\n<style id=\"wpforms-css-vars-root\">\n\t\t\t\t:root {\n\t\t\t\t\t--wpforms-field-border-radius: 3px;\n--wpforms-field-background-color: #ffffff;\n--wpforms-field-border-color: rgba( 0, 0, 0, 0.25 );\n--wpforms-field-text-color: rgba( 0, 0, 0, 0.7 );\n--wpforms-label-color: rgba( 0, 0, 0, 0.85 );\n--wpforms-label-sublabel-color: rgba( 0, 0, 0, 0.55 );\n--wpforms-label-error-color: #d63637;\n--wpforms-button-border-radius: 3px;\n--wpforms-button-background-color: #066aab;\n--wpforms-button-text-color: #ffffff;\n--wpforms-field-size-input-height: 43px;\n--wpforms-field-size-input-spacing: 15px;\n--wpforms-field-size-font-size: 16px;\n--wpforms-field-size-line-height: 19px;\n--wpforms-field-size-padding-h: 14px;\n--wpforms-field-size-checkbox-size: 16px;\n--wpforms-field-size-sublabel-spacing: 5px;\n--wpforms-field-size-icon-size: 1;\n--wpforms-label-size-font-size: 16px;\n--wpforms-label-size-line-height: 19px;\n--wpforms-label-size-sublabel-font-size: 14px;\n--wpforms-label-size-sublabel-line-height: 17px;\n--wpforms-button-size-font-size: 17px;\n--wpforms-button-size-height: 41px;\n--wpforms-button-size-padding-h: 15px;\n--wpforms-button-size-margin-top: 10px;\n\n\t\t\t\t}\n\t\t\t<\/style><div class=\"wpforms-container wpforms-container-full wpforms-block wpforms-block-5c0c0190-df14-4d37-a1ce-959155d55a81 wpforms-render-modern\" id=\"wpforms-2078\"><form id=\"wpforms-form-2078\" class=\"wpforms-validate wpforms-form wpforms-ajax-form\" data-formid=\"2078\" method=\"post\" enctype=\"multipart\/form-data\" action=\"\/index.php?rest_route=%2Fwp%2Fv2%2Fpages%2F2081\" data-token=\"c15776652e084dfcf1bc5103bb9ed9b9\"><noscript class=\"wpforms-error-noscript\">Veuillez activer JavaScript dans votre navigateur pour remplir ce formulaire.<\/noscript><div class=\"wpforms-hidden\" id=\"wpforms-error-noscript\">Veuillez activer JavaScript dans votre navigateur pour remplir ce formulaire.<\/div><div class=\"wpforms-field-container\"><div id=\"wpforms-2078-field_4-container\" class=\"wpforms-field wpforms-field-select wpforms-field-select-style-classic\" data-field-id=\"4\"><label class=\"wpforms-field-label\" for=\"wpforms-2078-field_4\">Quel atelier vous int\u00e9resse ? <span class=\"wpforms-required-label\" aria-hidden=\"true\">*<\/span><\/label><select id=\"wpforms-2078-field_4\" class=\"wpforms-field-medium wpforms-field-required\" name=\"wpforms[fields][4]\" required=\"required\"><option value=\"Atelier autour des s\u00e9ries\" >Atelier autour des s\u00e9ries<\/option><option value=\"Atelier autour des st\u00e9r\u00e9otypes de genre\" >Atelier autour des st\u00e9r\u00e9otypes de genre<\/option><option value=\"Atelier autour du doublage\" >Atelier autour du doublage<\/option><option value=\"Atelier autour des jeux vid\u00e9os\" >Atelier autour des jeux vid\u00e9os<\/option><option value=\"Atelier autour des m\u00e9dias et de l&#039;information\" >Atelier autour des m\u00e9dias et de l&#039;information<\/option><option value=\"Atelier autour de la r\u00e9alit\u00e9 virtuelle\" >Atelier autour de la r\u00e9alit\u00e9 virtuelle<\/option><option value=\"autour de l&#039;intelligence artificielle\" >autour de l&#039;intelligence artificielle<\/option><option value=\"Atelier autour de la peur au cin\u00e9ma\" >Atelier autour de la peur au cin\u00e9ma<\/option><\/select><\/div><div id=\"wpforms-2078-field_12-container\" class=\"wpforms-field wpforms-field-textarea\" data-field-id=\"12\"><label class=\"wpforms-field-label\" for=\"wpforms-2078-field_12\">Quelles seraient les dates et heures o\u00f9 vous souhaiteriez organiser le ou les atelier(s) ? <span class=\"wpforms-required-label\" aria-hidden=\"true\">*<\/span><\/label><textarea id=\"wpforms-2078-field_12\" class=\"wpforms-field-medium wpforms-field-required\" name=\"wpforms[fields][12]\" aria-errormessage=\"wpforms-2078-field_12-error\" required><\/textarea><\/div><div id=\"wpforms-2078-field_13-container\" class=\"wpforms-field wpforms-field-number\" data-field-id=\"13\"><label class=\"wpforms-field-label\" for=\"wpforms-2078-field_13\">Nombre de participants<\/label><input type=\"number\" pattern=\"\\d*\" id=\"wpforms-2078-field_13\" class=\"wpforms-field-medium\" name=\"wpforms[fields][13]\" aria-errormessage=\"wpforms-2078-field_13-error\" ><\/div><div id=\"wpforms-2078-field_16-container\" class=\"wpforms-field wpforms-field-text\" data-field-id=\"16\"><label class=\"wpforms-field-label\" for=\"wpforms-2078-field_16\">\u00c2ge des participants<\/label><input type=\"text\" id=\"wpforms-2078-field_16\" class=\"wpforms-field-medium\" name=\"wpforms[fields][16]\" aria-errormessage=\"wpforms-2078-field_16-error\" ><\/div><div id=\"wpforms-2078-field_1-container\" class=\"wpforms-field wpforms-field-name\" data-field-id=\"1\"><fieldset><legend class=\"wpforms-field-label\">Nom <span class=\"wpforms-required-label\" aria-hidden=\"true\">*<\/span><\/legend><div class=\"wpforms-field-row wpforms-field-medium\"><div class=\"wpforms-field-row-block wpforms-first wpforms-one-half\"><input type=\"text\" id=\"wpforms-2078-field_1\" class=\"wpforms-field-name-first wpforms-field-required\" name=\"wpforms[fields][1][first]\" aria-errormessage=\"wpforms-2078-field_1-error\" required><label for=\"wpforms-2078-field_1\" class=\"wpforms-field-sublabel after \">Pr\u00e9nom<\/label><\/div><div class=\"wpforms-field-row-block wpforms-one-half\"><input type=\"text\" id=\"wpforms-2078-field_1-last\" class=\"wpforms-field-name-last wpforms-field-required\" name=\"wpforms[fields][1][last]\" aria-errormessage=\"wpforms-2078-field_1-last-error\" required><label for=\"wpforms-2078-field_1-last\" class=\"wpforms-field-sublabel after \">Nom<\/label><\/div><\/div><\/fieldset><\/div><div id=\"wpforms-2078-field_2-container\" class=\"wpforms-field wpforms-field-text\" data-field-id=\"2\"><label class=\"wpforms-field-label\" for=\"wpforms-2078-field_2\">Votre structure <span class=\"wpforms-required-label\" aria-hidden=\"true\">*<\/span><\/label><input type=\"text\" id=\"wpforms-2078-field_2\" class=\"wpforms-field-medium wpforms-field-required\" name=\"wpforms[fields][2]\" aria-errormessage=\"wpforms-2078-field_2-error\" required><\/div><div id=\"wpforms-2078-field_3-container\" class=\"wpforms-field wpforms-field-text\" data-field-id=\"3\"><label class=\"wpforms-field-label\" for=\"wpforms-2078-field_3\">Adresse <span class=\"wpforms-required-label\" aria-hidden=\"true\">*<\/span><\/label><input type=\"text\" id=\"wpforms-2078-field_3\" class=\"wpforms-field-medium wpforms-field-required\" name=\"wpforms[fields][3]\" aria-errormessage=\"wpforms-2078-field_3-error\" required><\/div><div id=\"wpforms-2078-field_9-container\" class=\"wpforms-field wpforms-field-email\" data-field-id=\"9\"><label class=\"wpforms-field-label\" for=\"wpforms-2078-field_9\">E-mail <span class=\"wpforms-required-label\" aria-hidden=\"true\">*<\/span><\/label><input type=\"email\" id=\"wpforms-2078-field_9\" class=\"wpforms-field-medium wpforms-field-required\" name=\"wpforms[fields][9]\" spellcheck=\"false\" aria-errormessage=\"wpforms-2078-field_9-error\" required><\/div><div id=\"wpforms-2078-field_15-container\" class=\"wpforms-field wpforms-field-text\" data-field-id=\"15\"><label class=\"wpforms-field-label\" for=\"wpforms-2078-field_15\">Num\u00e9ro de t\u00e9l\u00e9phone<\/label><input type=\"text\" id=\"wpforms-2078-field_15\" class=\"wpforms-field-medium\" name=\"wpforms[fields][15]\" aria-errormessage=\"wpforms-2078-field_15-error\" ><\/div><div id=\"wpforms-2078-field_8-container\" class=\"wpforms-field wpforms-field-textarea\" data-field-id=\"8\"><label class=\"wpforms-field-label\" for=\"wpforms-2078-field_8\">Pr\u00e9csisions sur le cadre dans lequel s&#039;organiserait l&#039;atelier (facultatif)<\/label><textarea id=\"wpforms-2078-field_8\" class=\"wpforms-field-medium\" name=\"wpforms[fields][8]\" aria-errormessage=\"wpforms-2078-field_8-error\" ><\/textarea><\/div><\/div><!-- .wpforms-field-container --><div class=\"wpforms-submit-container\" ><input type=\"hidden\" name=\"wpforms[id]\" value=\"2078\"><input type=\"hidden\" name=\"wpforms[author]\" value=\"1\"><button type=\"submit\" name=\"wpforms[submit]\" id=\"wpforms-submit-2078\" class=\"wpforms-submit\" data-alt-text=\"Envoi...\" data-submit-text=\"Envoyer\" aria-live=\"assertive\" value=\"wpforms-submit\">Envoyer<\/button><img loading=\"lazy\" src=\"https:\/\/arci-hdf.org\/wp-content\/plugins\/wpforms-lite\/assets\/images\/submit-spin.svg\" class=\"wpforms-submit-spinner\" style=\"display: none;\" width=\"26\" height=\"26\" alt=\"Chargement en cours\"><\/div><\/form><\/div>  <!-- .wpforms-container -->","protected":false},"excerpt":{"rendered":"<p>Vous souhaitez organiser un atelier de notre catalogue ? Remplissez ce formulaire et nous reviendrons vers vous pour pr\u00e9ciser l&rsquo;organisation de l&rsquo;atelier et vous envoyer un devis. Vous pouvez aussi nous envoyer un mail directement \u00e0 contact@arci-hdf.org ou par t\u00e9l\u00e9phone au 06 60 71 43 81.<\/p>\n","protected":false},"author":1,"featured_media":0,"parent":0,"menu_order":0,"comment_status":"closed","ping_status":"closed","template":"","meta":[],"_links":{"self":[{"href":"https:\/\/arci-hdf.org\/index.php?rest_route=\/wp\/v2\/pages\/2081"}],"collection":[{"href":"https:\/\/arci-hdf.org\/index.php?rest_route=\/wp\/v2\/pages"}],"about":[{"href":"https:\/\/arci-hdf.org\/index.php?rest_route=\/wp\/v2\/types\/page"}],"author":[{"embeddable":true,"href":"https:\/\/arci-hdf.org\/index.php?rest_route=\/wp\/v2\/users\/1"}],"replies":[{"embeddable":true,"href":"https:\/\/arci-hdf.org\/index.php?rest_route=%2Fwp%2Fv2%2Fcomments&post=2081"}],"version-history":[{"count":3,"href":"https:\/\/arci-hdf.org\/index.php?rest_route=\/wp\/v2\/pages\/2081\/revisions"}],"predecessor-version":[{"id":2089,"href":"https:\/\/arci-hdf.org\/index.php?rest_route=\/wp\/v2\/pages\/2081\/revisions\/2089"}],"wp:attachment":[{"href":"https:\/\/arci-hdf.org\/index.php?rest_route=%2Fwp%2Fv2%2Fmedia&parent=2081"}],"curies":[{"name":"wp","href":"https:\/\/api.w.org\/{rel}","templated":true}]}}