{"id":2241,"date":"2025-03-18T13:54:01","date_gmt":"2025-03-18T12:54:01","guid":{"rendered":"https:\/\/arci-hdf.org\/?page_id=2241"},"modified":"2025-04-08T09:35:59","modified_gmt":"2025-04-08T07:35:59","slug":"a-bicyclette","status":"publish","type":"page","link":"https:\/\/arci-hdf.org\/?page_id=2241","title":{"rendered":"A bicyclette"},"content":{"rendered":"\n<div class=\"wp-container-1 wp-block-buttons\"><\/div>\n\n\n\n<div class=\"wp-container-5 wp-block-columns\">\n<div class=\"wp-container-2 wp-block-column\">\n<h2 class=\"has-text-align-center\"><strong>Fiche pr\u00eate-\u00e0-lire \u00e0 destination des partenaires<\/strong><\/h2>\n\n\n\n<div class=\"wp-block-file\"><object class=\"wp-block-file__embed\" data=\"https:\/\/arci-hdf.org\/wp-content\/uploads\/2025\/04\/Pret-a-lire-a-bicyclette.pdf\" type=\"application\/pdf\" style=\"width:100%;height:600px\" aria-label=\"Contenu embarqu\u00e9 Pret-a-lire-a-bicyclette.\"><\/object><a id=\"wp-block-file--media-e48c8682-d581-474e-8aa9-407d6a3f695c\" href=\"https:\/\/arci-hdf.org\/wp-content\/uploads\/2025\/04\/Pret-a-lire-a-bicyclette.pdf\">Pret-a-lire-a-bicyclette<\/a><a href=\"https:\/\/arci-hdf.org\/wp-content\/uploads\/2025\/04\/Pret-a-lire-a-bicyclette.pdf\" class=\"wp-block-file__button\" download aria-describedby=\"wp-block-file--media-e48c8682-d581-474e-8aa9-407d6a3f695c\">T\u00e9l\u00e9charger<\/a><\/div>\n<\/div>\n\n\n\n<div class=\"wp-container-4 wp-block-column\">\n<h2 class=\"has-text-align-center\"><strong>Autres ressources<\/strong><\/h2>\n\n\n\n<div class=\"wp-container-3 is-content-justification-center wp-block-buttons\">\n<div class=\"wp-block-button\"><a class=\"wp-block-button__link has-luminous-vivid-amber-background-color has-background\" href=\"https:\/\/www.advitamdistribution.com\/films\/a-bicyclette\/#downloads\" target=\"_blank\" rel=\"noreferrer noopener\">Dossier de presse<\/a><\/div>\n<\/div>\n<\/div>\n<\/div>\n\n\n\n<p><\/p>\n","protected":false},"excerpt":{"rendered":"<p>Fiche pr\u00eate-\u00e0-lire \u00e0 destination des partenaires Autres ressources<\/p>\n","protected":false},"author":1,"featured_media":0,"parent":0,"menu_order":0,"comment_status":"closed","ping_status":"closed","template":"","meta":[],"_links":{"self":[{"href":"https:\/\/arci-hdf.org\/index.php?rest_route=\/wp\/v2\/pages\/2241"}],"collection":[{"href":"https:\/\/arci-hdf.org\/index.php?rest_route=\/wp\/v2\/pages"}],"about":[{"href":"https:\/\/arci-hdf.org\/index.php?rest_route=\/wp\/v2\/types\/page"}],"author":[{"embeddable":true,"href":"https:\/\/arci-hdf.org\/index.php?rest_route=\/wp\/v2\/users\/1"}],"replies":[{"embeddable":true,"href":"https:\/\/arci-hdf.org\/index.php?rest_route=%2Fwp%2Fv2%2Fcomments&post=2241"}],"version-history":[{"count":2,"href":"https:\/\/arci-hdf.org\/index.php?rest_route=\/wp\/v2\/pages\/2241\/revisions"}],"predecessor-version":[{"id":2278,"href":"https:\/\/arci-hdf.org\/index.php?rest_route=\/wp\/v2\/pages\/2241\/revisions\/2278"}],"wp:attachment":[{"href":"https:\/\/arci-hdf.org\/index.php?rest_route=%2Fwp%2Fv2%2Fmedia&parent=2241"}],"curies":[{"name":"wp","href":"https:\/\/api.w.org\/{rel}","templated":true}]}}