{"id":2308,"date":"2025-04-11T17:55:47","date_gmt":"2025-04-11T15:55:47","guid":{"rendered":"https:\/\/arci-hdf.org\/?page_id=2308"},"modified":"2025-04-11T17:55:48","modified_gmt":"2025-04-11T15:55:48","slug":"mikado","status":"publish","type":"page","link":"https:\/\/arci-hdf.org\/?page_id=2308","title":{"rendered":"Mikado"},"content":{"rendered":"\n<div class=\"wp-container-1 wp-block-buttons\"><\/div>\n\n\n\n<div class=\"wp-container-5 wp-block-columns\">\n<div class=\"wp-container-2 wp-block-column\">\n<h2 class=\"has-text-align-center\"><strong>Fiche sur le film \u00e0 destination du public<\/strong><\/h2>\n\n\n\n<div class=\"wp-block-file\"><object class=\"wp-block-file__embed\" data=\"http:\/\/arci-hdf.org\/wp-content\/uploads\/2025\/04\/Pret-a-lire-Mikado.pdf\" type=\"application\/pdf\" style=\"width:100%;height:600px\" aria-label=\"Contenu embarqu\u00e9 Pr\u00eat-\u00e0-lire Mikado.\"><\/object><a id=\"wp-block-file--media-e48c8682-d581-474e-8aa9-407d6a3f695c\" href=\"http:\/\/arci-hdf.org\/wp-content\/uploads\/2025\/04\/Pret-a-lire-Mikado.pdf\">Pr\u00eat-\u00e0-lire Mikado<\/a><a href=\"http:\/\/arci-hdf.org\/wp-content\/uploads\/2025\/04\/Pret-a-lire-Mikado.pdf\" class=\"wp-block-file__button\" download aria-describedby=\"wp-block-file--media-e48c8682-d581-474e-8aa9-407d6a3f695c\">T\u00e9l\u00e9charger<\/a><\/div>\n<\/div>\n\n\n\n<div class=\"wp-container-4 wp-block-column\">\n<h2 class=\"has-text-align-center\"><strong>Autres ressources<\/strong><\/h2>\n\n\n\n<div class=\"wp-container-3 is-content-justification-center wp-block-buttons\">\n<div class=\"wp-block-button\"><a class=\"wp-block-button__link has-luminous-vivid-amber-background-color has-background\" href=\"https:\/\/cloud.memento.eu\/index.php\/s\/9pgIZExNVr5oLyp\" target=\"_blank\" rel=\"noreferrer noopener\">Dossier de presse<\/a><\/div>\n\n\n<\/div>\n<\/div>\n<\/div>\n\n\n\n<p><\/p>\n","protected":false},"excerpt":{"rendered":"<p>Fiche sur le film \u00e0 destination du public Autres ressources<\/p>\n","protected":false},"author":1,"featured_media":0,"parent":0,"menu_order":0,"comment_status":"closed","ping_status":"closed","template":"","meta":[],"_links":{"self":[{"href":"https:\/\/arci-hdf.org\/index.php?rest_route=\/wp\/v2\/pages\/2308"}],"collection":[{"href":"https:\/\/arci-hdf.org\/index.php?rest_route=\/wp\/v2\/pages"}],"about":[{"href":"https:\/\/arci-hdf.org\/index.php?rest_route=\/wp\/v2\/types\/page"}],"author":[{"embeddable":true,"href":"https:\/\/arci-hdf.org\/index.php?rest_route=\/wp\/v2\/users\/1"}],"replies":[{"embeddable":true,"href":"https:\/\/arci-hdf.org\/index.php?rest_route=%2Fwp%2Fv2%2Fcomments&post=2308"}],"version-history":[{"count":1,"href":"https:\/\/arci-hdf.org\/index.php?rest_route=\/wp\/v2\/pages\/2308\/revisions"}],"predecessor-version":[{"id":2310,"href":"https:\/\/arci-hdf.org\/index.php?rest_route=\/wp\/v2\/pages\/2308\/revisions\/2310"}],"wp:attachment":[{"href":"https:\/\/arci-hdf.org\/index.php?rest_route=%2Fwp%2Fv2%2Fmedia&parent=2308"}],"curies":[{"name":"wp","href":"https:\/\/api.w.org\/{rel}","templated":true}]}}