{"id":2325,"date":"2025-05-15T09:19:56","date_gmt":"2025-05-15T07:19:56","guid":{"rendered":"https:\/\/arci-hdf.org\/?page_id=2325"},"modified":"2025-05-21T12:21:07","modified_gmt":"2025-05-21T10:21:07","slug":"rapport-dactivite-2024","status":"publish","type":"page","link":"https:\/\/arci-hdf.org\/?page_id=2325","title":{"rendered":"Rapport d\u2019activit\u00e9 2024"},"content":{"rendered":"\n<p>Comme chaque ann\u00e9e l\u2019ARCI HdF produit son rapport d\u2019activit\u00e9 qui revient sur toutes les actions mises en place par l\u2019association. Vous pourrez y retrouver des informations sur le d\u00e9veloppement de la structure, les ateliers qui ont \u00e9t\u00e9 men\u00e9s, les statistiques des quatre circuits des Hauts-de-France en ce qui concerne le d\u00e9veloppement culturel ainsi qu\u2019un bilan de la saison de plein air de la r\u00e9gion Hauts-de-France.<\/p>\n\n\n\n<p>Cette ann\u00e9e 2024 a \u00e9t\u00e9 riche en nouveaut\u00e9s mais nous a aussi permis de continuer de nombreux projets initi\u00e9s en 2023. De nouveaux ateliers continuent aussi \u00e0 \u00eatre imagin\u00e9s et L\u2019ARCI-HdF, comme un atelier sur l&rsquo;intelligence artificelle autour d&rsquo;un jeu de soci\u00e9t\u00e9. Autre grand chantier de l&rsquo;ann\u00e9e : la cr\u00e9ation de Cin\u00e9Pop, qui reprend l&rsquo;activit\u00e9 de cin\u00e9ma itin\u00e9rant dans l&rsquo;Aisne et la Somme.<\/p>\n\n\n\n<p>Le rapport d\u2019activit\u00e9 dans son int\u00e9gralit\u00e9 :<\/p>\n\n\n\n<div class=\"wp-block-file\"><object class=\"wp-block-file__embed\" data=\"https:\/\/arci-hdf.org\/wp-content\/uploads\/2025\/05\/Rapport-dactivite-2024-ARCI-HdF_compressed.pdf\" type=\"application\/pdf\" style=\"width:100%;height:600px\" aria-label=\"Contenu embarqu\u00e9 Rapport-dactivite-2024-ARCI-HdF_compressed.\"><\/object><a id=\"wp-block-file--media-0405cb04-7398-40bd-91c9-a8c65d7991c5\" href=\"https:\/\/arci-hdf.org\/wp-content\/uploads\/2025\/05\/Rapport-dactivite-2024-ARCI-HdF_compressed.pdf\">Rapport-dactivite-2024-ARCI-HdF_compressed<\/a><a href=\"https:\/\/arci-hdf.org\/wp-content\/uploads\/2025\/05\/Rapport-dactivite-2024-ARCI-HdF_compressed.pdf\" class=\"wp-block-file__button\" download aria-describedby=\"wp-block-file--media-0405cb04-7398-40bd-91c9-a8c65d7991c5\">T\u00e9l\u00e9charger<\/a><\/div>\n","protected":false},"excerpt":{"rendered":"<p>Comme chaque ann\u00e9e l\u2019ARCI HdF produit son rapport d\u2019activit\u00e9 qui revient sur toutes les actions mises en place par l\u2019association. Vous pourrez y retrouver des informations sur le d\u00e9veloppement de la structure, les ateliers qui ont \u00e9t\u00e9 men\u00e9s, les statistiques des quatre circuits des Hauts-de-France en ce qui concerne le d\u00e9veloppement culturel ainsi qu\u2019un bilan&hellip; <br \/> <a class=\"button small blue\" href=\"https:\/\/arci-hdf.org\/?page_id=2325\">Lire la suite<\/a><\/p>\n","protected":false},"author":1,"featured_media":0,"parent":0,"menu_order":0,"comment_status":"closed","ping_status":"closed","template":"","meta":[],"_links":{"self":[{"href":"https:\/\/arci-hdf.org\/index.php?rest_route=\/wp\/v2\/pages\/2325"}],"collection":[{"href":"https:\/\/arci-hdf.org\/index.php?rest_route=\/wp\/v2\/pages"}],"about":[{"href":"https:\/\/arci-hdf.org\/index.php?rest_route=\/wp\/v2\/types\/page"}],"author":[{"embeddable":true,"href":"https:\/\/arci-hdf.org\/index.php?rest_route=\/wp\/v2\/users\/1"}],"replies":[{"embeddable":true,"href":"https:\/\/arci-hdf.org\/index.php?rest_route=%2Fwp%2Fv2%2Fcomments&post=2325"}],"version-history":[{"count":1,"href":"https:\/\/arci-hdf.org\/index.php?rest_route=\/wp\/v2\/pages\/2325\/revisions"}],"predecessor-version":[{"id":2327,"href":"https:\/\/arci-hdf.org\/index.php?rest_route=\/wp\/v2\/pages\/2325\/revisions\/2327"}],"wp:attachment":[{"href":"https:\/\/arci-hdf.org\/index.php?rest_route=%2Fwp%2Fv2%2Fmedia&parent=2325"}],"curies":[{"name":"wp","href":"https:\/\/api.w.org\/{rel}","templated":true}]}}