{"id":2356,"date":"2025-06-02T12:18:04","date_gmt":"2025-06-02T10:18:04","guid":{"rendered":"https:\/\/arci-hdf.org\/?page_id=2356"},"modified":"2025-06-02T12:52:32","modified_gmt":"2025-06-02T10:52:32","slug":"atelier-autour-des-stereotypes-de-genre-a-lecran","status":"publish","type":"page","link":"https:\/\/arci-hdf.org\/?page_id=2356","title":{"rendered":"Atelier autour des st\u00e9r\u00e9otypes de genre \u00e0 l&rsquo;\u00e9cran"},"content":{"rendered":"\n<div class=\"wp-container-5 wp-block-columns\">\n<div class=\"wp-container-2 wp-block-column\">\n<div class=\"wp-container-1 is-content-justification-center wp-block-buttons\">\n<div class=\"wp-block-button\"><a class=\"wp-block-button__link has-vivid-cyan-blue-background-color has-background\" href=\"http:\/\/arci-hdf.org\/wp-content\/uploads\/2025\/05\/Atelier-autour-des-stereotypes-de-genre.pdf\" target=\"_blank\" rel=\"noreferrer noopener\">D\u00e9couvrir l&rsquo;atelier en d\u00e9tail<\/a><\/div>\n<\/div>\n<\/div>\n\n\n\n<div class=\"wp-container-4 wp-block-column\">\n<div class=\"wp-container-3 is-content-justification-center wp-block-buttons\">\n<div class=\"wp-block-button\"><a class=\"wp-block-button__link has-vivid-cyan-blue-background-color has-background\" href=\"https:\/\/arci-hdf.org\/?page_id=2081\" target=\"_blank\" rel=\"noreferrer noopener\">Organiser un atelier<\/a><\/div>\n<\/div>\n<\/div>\n<\/div>\n\n\n\n<p>Les femmes sont souvent sous-repr\u00e9sent\u00e9es au cin\u00e9ma. Quand ce n\u2019est pas le cas, les images produites tendent \u00e0 v\u00e9hiculer des st\u00e9r\u00e9otypes. Ces images normatives et id\u00e9alis\u00e9es infusent nos imaginaires et peuvent engendrer des comportements discriminants.<\/p>\n\n\n\n<p>A partir d\u2019exemples tir\u00e9s de films et de s\u00e9ries, cet atelier vise \u00e0 d\u00e9construire ces st\u00e9r\u00e9otypes par la transmission de notions cl\u00e9s et l\u2019analyse critique des images. Les \u00e9l\u00e8ves r\u00e9fl\u00e9chiront aux repr\u00e9sentations diff\u00e9renci\u00e9es des personnages f\u00e9minins et masculins et au regard que la mise en sc\u00e8ne porte sur eux.<\/p>\n\n\n\n<p>L\u2019atelier proposera ensuite aux \u00e9l\u00e8ves de questionner ces images par la pratique. Ils seront invit\u00e9s \u00e0 r\u00e9\u00e9crire des remakes de sc\u00e8nes de films et \u00e0 les tourner, les clich\u00e9s en moins !<\/p>\n\n\n<div class=\"wp-block-image\">\n<figure class=\"aligncenter size-full is-resized\"><img loading=\"lazy\" src=\"http:\/\/arci-hdf.org\/wp-content\/uploads\/2025\/05\/1444x920_adele-haenel-noemie-merlant-portrait-jeune-fille-feu-1.webp\" alt=\"\" class=\"wp-image-2338\" width=\"571\" height=\"364\"\/><figcaption><span style=\"text-decoration: underline;\">Portrait de la jeune fille en feu<\/span>, C\u00e9line Sciamma, 2019<\/figcaption><\/figure><\/div>\n\n\n<h4 class=\"has-text-align-center\">\u00c0 partir de 13 ans pour 10 personnes maximum <\/h4>\n\n\n\n<h4>D\u00e9roul\u00e9 de l&rsquo;atelier : <\/h4>\n\n\n\n<div class=\"wp-container-8 wp-block-columns\">\n<div class=\"wp-container-6 wp-block-column has-background\" style=\"background-color:#29adf9\">\n<p><strong>ATELIER TH\u00c9ORIQUE ET ANALYSE DE S\u00c9QUENCE<\/strong> <\/p>\n\n\n\n<p>Dur\u00e9e: 2h<\/p>\n\n\n\n<ul><li>Discussion autour des notions cl\u00e9s d\u2019in\u00e9galit\u00e9s (st\u00e9r\u00e9otypes de genre, r\u00f4les genr\u00e9es, patriarcat, sexisme)<\/li><li>Appr\u00e9hension ludique d\u2019outils d\u2019analyse d\u2019image pour mettre en avant les repr\u00e9sentations sexistes des personnages f\u00e9minins \u00e0 l\u2019\u00e9cran (Test de Bechdel, male gaze).<\/li><li>Mise en application : quizz et analyses de s\u00e9quences<\/li><\/ul>\n\n\n\n<p class=\"has-text-align-left\">Max 25 participants<\/p>\n<\/div>\n\n\n\n<div class=\"wp-container-7 wp-block-column has-background\" style=\"background-color:#1fe19a\">\n<p class=\"has-text-align-center\"><strong>ATELIER TH\u00c9ORIQUE ET ANALYSE DE S\u00c9QUENCES<\/strong><\/p>\n\n\n\n<p class=\"has-text-align-center\">+ <\/p>\n\n\n\n<p class=\"has-text-align-center\"><strong>ATELIER PRATIQUE <\/strong><\/p>\n\n\n\n<p>Dur\u00e9e totale: 4h30 <\/p>\n\n\n\n<ul><li>Remake des s\u00e9quences de films, les st\u00e9r\u00e9otypes en moins !<\/li><li>R\u00e9\u00e9criture des dialogues<\/li><li>Recr\u00e9ation d\u2019un story board en changeant les mouvements de cam\u00e9ra probl\u00e9matiques<\/li><li>Initiation \u00e0 la prise de vue et au tournage<\/li><\/ul>\n\n\n\n<p>Max 15 participants<\/p>\n<\/div>\n<\/div>\n","protected":false},"excerpt":{"rendered":"<p>Les femmes sont souvent sous-repr\u00e9sent\u00e9es au cin\u00e9ma. Quand ce n\u2019est pas le cas, les images produites tendent \u00e0 v\u00e9hiculer des st\u00e9r\u00e9otypes. Ces images normatives et id\u00e9alis\u00e9es infusent nos imaginaires et peuvent engendrer des comportements discriminants. A partir d\u2019exemples tir\u00e9s de films et de s\u00e9ries, cet atelier vise \u00e0 d\u00e9construire ces st\u00e9r\u00e9otypes par la transmission de&hellip; <br \/> <a class=\"button small blue\" href=\"https:\/\/arci-hdf.org\/?page_id=2356\">Lire la suite<\/a><\/p>\n","protected":false},"author":1,"featured_media":0,"parent":0,"menu_order":0,"comment_status":"closed","ping_status":"closed","template":"","meta":[],"_links":{"self":[{"href":"https:\/\/arci-hdf.org\/index.php?rest_route=\/wp\/v2\/pages\/2356"}],"collection":[{"href":"https:\/\/arci-hdf.org\/index.php?rest_route=\/wp\/v2\/pages"}],"about":[{"href":"https:\/\/arci-hdf.org\/index.php?rest_route=\/wp\/v2\/types\/page"}],"author":[{"embeddable":true,"href":"https:\/\/arci-hdf.org\/index.php?rest_route=\/wp\/v2\/users\/1"}],"replies":[{"embeddable":true,"href":"https:\/\/arci-hdf.org\/index.php?rest_route=%2Fwp%2Fv2%2Fcomments&post=2356"}],"version-history":[{"count":2,"href":"https:\/\/arci-hdf.org\/index.php?rest_route=\/wp\/v2\/pages\/2356\/revisions"}],"predecessor-version":[{"id":2372,"href":"https:\/\/arci-hdf.org\/index.php?rest_route=\/wp\/v2\/pages\/2356\/revisions\/2372"}],"wp:attachment":[{"href":"https:\/\/arci-hdf.org\/index.php?rest_route=%2Fwp%2Fv2%2Fmedia&parent=2356"}],"curies":[{"name":"wp","href":"https:\/\/api.w.org\/{rel}","templated":true}]}}

Atelier autour des stéréotypes de genre à l&rsquo;écran

<div class="wp-container-5 wp-block-columns">
<div class="wp-container-2 wp-block-column">
<div class="wp-container-1 is-content-justification-center wp-block-buttons">
<div class="wp-block-button"><a class="wp-block-button__link has-vivid-cyan-blue-background-color has-background" href="http://arci-hdf.org/wp-content/uploads/2025/05/Atelier-autour-des-stereotypes-de-genre.pdf" target="_blank" rel="noreferrer noopener">Découvrir l&rsquo;atelier en détail</a></div>
</div>
</div>



<div class="wp-container-4 wp-block-column">
<div class="wp-container-3 is-content-justification-center wp-block-buttons">
<div class="wp-block-button"><a class="wp-block-button__link has-vivid-cyan-blue-background-color has-background" href="https://arci-hdf.org/?page_id=2081" target="_blank" rel="noreferrer noopener">Organiser un atelier</a></div>
</div>
</div>
</div>



<p>Les femmes sont souvent sous-représentées au cinéma. Quand ce n’est pas le cas, les images produites tendent à véhiculer des stéréotypes. Ces images normatives et idéalisées infusent nos imaginaires et peuvent engendrer des comportements discriminants.</p>



<p>A partir d’exemples tirés de films et de séries, cet atelier vise à déconstruire ces stéréotypes par la transmission de notions clés et l’analyse critique des images. Les élèves réfléchiront aux représentations différenciées des personnages féminins et masculins et au regard que la mise en scène porte sur eux.</p>



<p>L’atelier proposera ensuite aux élèves de questionner ces images par la pratique. Ils seront invités à réécrire des remakes de scènes de films et à les tourner, les clichés en moins !</p>


<div class="wp-block-image">
<figure class="aligncenter size-full is-resized"><img loading="lazy" src="http://arci-hdf.org/wp-content/uploads/2025/05/1444x920_adele-haenel-noemie-merlant-portrait-jeune-fille-feu-1.webp" alt="" class="wp-image-2338" width="571" height="364"/><figcaption><span style="text-decoration: underline;">Portrait de la jeune fille en feu</span>, Céline Sciamma, 2019</figcaption></figure></div>


<h4 class="has-text-align-center">À partir de 13 ans pour 10 personnes maximum </h4>



<h4>Déroulé de l&rsquo;atelier : </h4>



<div class="wp-container-8 wp-block-columns">
<div class="wp-container-6 wp-block-column has-background" style="background-color:#29adf9">
<p><strong>ATELIER THÉORIQUE ET ANALYSE DE SÉQUENCE</strong> </p>



<p>Durée: 2h</p>



<ul><li>Discussion autour des notions clés d’inégalités (stéréotypes de genre, rôles genrées, patriarcat, sexisme)</li><li>Appréhension ludique d’outils d’analyse d’image pour mettre en avant les représentations sexistes des personnages féminins à l’écran (Test de Bechdel, male gaze).</li><li>Mise en application : quizz et analyses de séquences</li></ul>



<p class="has-text-align-left">Max 25 participants</p>
</div>



<div class="wp-container-7 wp-block-column has-background" style="background-color:#1fe19a">
<p class="has-text-align-center"><strong>ATELIER THÉORIQUE ET ANALYSE DE SÉQUENCES</strong></p>



<p class="has-text-align-center">+ </p>



<p class="has-text-align-center"><strong>ATELIER PRATIQUE </strong></p>



<p>Durée totale: 4h30 </p>



<ul><li>Remake des séquences de films, les stéréotypes en moins !</li><li>Réécriture des dialogues</li><li>Recréation d’un story board en changeant les mouvements de caméra problématiques</li><li>Initiation à la prise de vue et au tournage</li></ul>



<p>Max 15 participants</p>
</div>
</div>

<p>Les femmes sont souvent sous-représentées au cinéma. Quand ce n’est pas le cas, les images produites tendent à véhiculer des stéréotypes. Ces images normatives et idéalisées infusent nos imaginaires et peuvent engendrer des comportements discriminants. A partir d’exemples tirés de films et de séries, cet atelier vise à déconstruire ces stéréotypes par la transmission de&hellip; <br /> <a class="button small blue" href="https://arci-hdf.org/?page_id=2356">Lire la suite</a></p>
