{"id":2591,"date":"2025-10-28T11:57:19","date_gmt":"2025-10-28T10:57:19","guid":{"rendered":"https:\/\/arci-hdf.org\/?page_id=2591"},"modified":"2025-10-28T11:57:19","modified_gmt":"2025-10-28T10:57:19","slug":"un-projet-autour-des-troubles-du-comportement-alimentaire-et-la-lutte-contre-la-grossophobie-avec-le-film-la-vie-en-gros","status":"publish","type":"page","link":"https:\/\/arci-hdf.org\/?page_id=2591","title":{"rendered":"Un projet autour des troubles du comportement alimentaire et la lutte contre la grossophobie avec le film \u00ab\u00a0La vie, en gros\u00a0\u00bb"},"content":{"rendered":"\n<p>Dans le cadre d&rsquo;une s\u00e9ance en partenariat avec la Communaut\u00e9 de Communes du Pays de Mormal, une s\u00e9ance de cin\u00e9ma interg\u00e9n\u00e9rationnelle s&rsquo;est d\u00e9roul\u00e9e le mercredi 16 octobre 2025 dans la ville de Le Quesnoy, avec le film La vie, en gros, de Kristina Dufkova, adapt\u00e9 du roman \u00e9ponyme de Micka\u00ebl Ollivier !<\/p>\n\n\n\n<p>Pour accompagner la s\u00e9ance, Camille GRIMMELPONT, psychomotricienne sp\u00e9cialis\u00e9e dans les troubles du comportement alimentaire est venu questionner les spectateurs sur les th\u00e9matiques li\u00e9es au rapport \u00e0 la nourriture et \u00e0 la grossophobie en faisant lien avec le film. Au programme, s\u00e9ance de cin\u00e9ma, \u00e9change autour du film, quiz interactif sur les st\u00e9r\u00e9otypes li\u00e9s \u00e0 la grossophobie et au rapport \u00e0 la nourriture, s\u00e9ance de psychomotricit\u00e9 et d\u00e9gustation en pleine conscience de chocolat !<\/p>\n\n\n\n<p>Ce ne sont pas moins de 160 spectateurs qui \u00e9taient pr\u00e9sents.tes, dont une EPHAD, une classe de Terminale et une classe de CM2 pour partager ce moment d&rsquo;\u00e9change, de culture et d&rsquo;apprentissage !<\/p>\n\n\n\n<p><\/p>\n\n\n\n<figure class=\"wp-block-image size-large\"><img loading=\"lazy\" width=\"1024\" height=\"576\" src=\"https:\/\/arci-hdf.org\/wp-content\/uploads\/2025\/10\/5570-1024x576.jpg\" alt=\"\" class=\"wp-image-2592\" srcset=\"https:\/\/arci-hdf.org\/wp-content\/uploads\/2025\/10\/5570-1024x576.jpg 1024w, https:\/\/arci-hdf.org\/wp-content\/uploads\/2025\/10\/5570-300x169.jpg 300w, https:\/\/arci-hdf.org\/wp-content\/uploads\/2025\/10\/5570-768x432.jpg 768w, https:\/\/arci-hdf.org\/wp-content\/uploads\/2025\/10\/5570-1536x864.jpg 1536w, https:\/\/arci-hdf.org\/wp-content\/uploads\/2025\/10\/5570-2048x1152.jpg 2048w, https:\/\/arci-hdf.org\/wp-content\/uploads\/2025\/10\/5570-1920x1080.jpg 1920w\" sizes=\"(max-width: 1024px) 100vw, 1024px\" \/><figcaption>@Cin\u00e9Ligue-HdF<\/figcaption><\/figure>\n\n\n\n<p><\/p>\n","protected":false},"excerpt":{"rendered":"<p>Dans le cadre d&rsquo;une s\u00e9ance en partenariat avec la Communaut\u00e9 de Communes du Pays de Mormal, une s\u00e9ance de cin\u00e9ma interg\u00e9n\u00e9rationnelle s&rsquo;est d\u00e9roul\u00e9e le mercredi 16 octobre 2025 dans la ville de Le Quesnoy, avec le film La vie, en gros, de Kristina Dufkova, adapt\u00e9 du roman \u00e9ponyme de Micka\u00ebl Ollivier ! Pour accompagner la&hellip; <br \/> <a class=\"button small blue\" href=\"https:\/\/arci-hdf.org\/?page_id=2591\">Lire la suite<\/a><\/p>\n","protected":false},"author":1,"featured_media":0,"parent":0,"menu_order":0,"comment_status":"closed","ping_status":"closed","template":"","meta":[],"_links":{"self":[{"href":"https:\/\/arci-hdf.org\/index.php?rest_route=\/wp\/v2\/pages\/2591"}],"collection":[{"href":"https:\/\/arci-hdf.org\/index.php?rest_route=\/wp\/v2\/pages"}],"about":[{"href":"https:\/\/arci-hdf.org\/index.php?rest_route=\/wp\/v2\/types\/page"}],"author":[{"embeddable":true,"href":"https:\/\/arci-hdf.org\/index.php?rest_route=\/wp\/v2\/users\/1"}],"replies":[{"embeddable":true,"href":"https:\/\/arci-hdf.org\/index.php?rest_route=%2Fwp%2Fv2%2Fcomments&post=2591"}],"version-history":[{"count":1,"href":"https:\/\/arci-hdf.org\/index.php?rest_route=\/wp\/v2\/pages\/2591\/revisions"}],"predecessor-version":[{"id":2593,"href":"https:\/\/arci-hdf.org\/index.php?rest_route=\/wp\/v2\/pages\/2591\/revisions\/2593"}],"wp:attachment":[{"href":"https:\/\/arci-hdf.org\/index.php?rest_route=%2Fwp%2Fv2%2Fmedia&parent=2591"}],"curies":[{"name":"wp","href":"https:\/\/api.w.org\/{rel}","templated":true}]}}