{"id":2636,"date":"2026-02-19T11:04:44","date_gmt":"2026-02-19T10:04:44","guid":{"rendered":"https:\/\/arci-hdf.org\/?page_id=2636"},"modified":"2026-02-19T11:05:55","modified_gmt":"2026-02-19T10:05:55","slug":"les-enfants-de-la-resistance","status":"publish","type":"page","link":"https:\/\/arci-hdf.org\/?page_id=2636","title":{"rendered":"Les Enfants de la r\u00e9sistance"},"content":{"rendered":"\n<div class=\"wp-container-6 wp-block-columns\">\n<div class=\"wp-container-3 wp-block-column\">\n<h2 class=\"has-text-align-center\"><strong>Liens vers les cartons<\/strong><\/h2>\n\n\n\n<div class=\"wp-container-1 wp-block-buttons\">\n<div class=\"wp-block-button aligncenter\"><a class=\"wp-block-button__link has-vivid-cyan-blue-background-color has-background\" href=\"http:\/\/arci-hdf.org\/wp-content\/uploads\/2026\/02\/Presentation-Les-Enfants-de-la-resistance-SCOPE.mp4\" target=\"_blank\" rel=\"noreferrer noopener\">Carton en vid\u00e9o<\/a><\/div>\n<\/div>\n\n\n\n<div class=\"wp-container-2 wp-block-buttons\">\n<div class=\"wp-block-button aligncenter\"><a class=\"wp-block-button__link has-vivid-cyan-blue-background-color has-background\" href=\"https:\/\/www.grosfichiers.com\/M6hPj6nmXwQ\" target=\"_blank\" rel=\"noreferrer noopener\">Carton en DCP<\/a><\/div>\n<\/div>\n<\/div>\n\n\n\n<div class=\"wp-container-5 wp-block-column\">\n<h2 class=\"has-text-align-center\"><strong>Autres ressources<\/strong><\/h2>\n\n\n\n<div class=\"wp-container-4 is-content-justification-center wp-block-buttons\">\n<div class=\"wp-block-button\"><a class=\"wp-block-button__link has-luminous-vivid-amber-background-color has-background\" href=\"https:\/\/medias.unifrance.org\/medias\/13\/178\/307725\/presse\/les-enfants-de-la-resistance-dossier-de-presse-francais.pdf\" target=\"_blank\" rel=\"noreferrer noopener\">Le dossier de presse<\/a><\/div>\n\n\n\n<div class=\"wp-block-button\"><a class=\"wp-block-button__link has-luminous-vivid-amber-background-color has-background\" href=\"https:\/\/cinemobile.ciclic.fr\/sites\/default\/files\/fichiers\/les-enfants-de-la-resistance_les-enfants-de-la-resistance.pdf\" target=\"_blank\" rel=\"noreferrer noopener\">Dossier p\u00e9dagogique<\/a><\/div>\n\n\n\n<div class=\"wp-block-button\"><a class=\"wp-block-button__link has-luminous-vivid-amber-background-color has-background\" href=\"http:\/\/arci-hdf.org\/wp-content\/uploads\/2026\/02\/Jeu-de-cartes-a-telecharger-et-imprimer.pdf\" target=\"_blank\" rel=\"noreferrer noopener\">Jeu de cartes \u00e0 t\u00e9l\u00e9charger<\/a><\/div>\n<\/div>\n<\/div>\n<\/div>\n\n\n\n<p><\/p>\n","protected":false},"excerpt":{"rendered":"<p>Liens vers les cartons Autres ressources<\/p>\n","protected":false},"author":1,"featured_media":0,"parent":0,"menu_order":0,"comment_status":"closed","ping_status":"closed","template":"","meta":[],"_links":{"self":[{"href":"https:\/\/arci-hdf.org\/index.php?rest_route=\/wp\/v2\/pages\/2636"}],"collection":[{"href":"https:\/\/arci-hdf.org\/index.php?rest_route=\/wp\/v2\/pages"}],"about":[{"href":"https:\/\/arci-hdf.org\/index.php?rest_route=\/wp\/v2\/types\/page"}],"author":[{"embeddable":true,"href":"https:\/\/arci-hdf.org\/index.php?rest_route=\/wp\/v2\/users\/1"}],"replies":[{"embeddable":true,"href":"https:\/\/arci-hdf.org\/index.php?rest_route=%2Fwp%2Fv2%2Fcomments&post=2636"}],"version-history":[{"count":2,"href":"https:\/\/arci-hdf.org\/index.php?rest_route=\/wp\/v2\/pages\/2636\/revisions"}],"predecessor-version":[{"id":2638,"href":"https:\/\/arci-hdf.org\/index.php?rest_route=\/wp\/v2\/pages\/2636\/revisions\/2638"}],"wp:attachment":[{"href":"https:\/\/arci-hdf.org\/index.php?rest_route=%2Fwp%2Fv2%2Fmedia&parent=2636"}],"curies":[{"name":"wp","href":"https:\/\/api.w.org\/{rel}","templated":true}]}}