{"id":2748,"date":"2026-05-13T12:16:26","date_gmt":"2026-05-13T10:16:26","guid":{"rendered":"https:\/\/arci-hdf.org\/?page_id=2748"},"modified":"2026-05-13T15:49:55","modified_gmt":"2026-05-13T13:49:55","slug":"festival-en-campagne-2026","status":"publish","type":"page","link":"https:\/\/arci-hdf.org\/?page_id=2748","title":{"rendered":"Festival En Campagne ! 2026"},"content":{"rendered":"\n<p>En campagne ! est n\u00e9 d\u2019une volont\u00e9 commune des trois circuits de cin\u00e9ma itin\u00e9rant de mutualiser une programmation r\u00e9gionale centr\u00e9e sur les enjeux de la ruralit\u00e9. Pens\u00e9 \u00e0 l\u2019\u00e9chelle des Hauts-de-France, le projet vise \u00e0 renforcer les partenariats locaux et \u00e0 r\u00e9pondre de mani\u00e8re concert\u00e9e aux besoins exprim\u00e9s par les communes partenaires.<\/p>\n\n\n\n<h2 class=\"wp-block-heading has-text-align-center\">Retrouvez la programmation compl\u00e8te <\/h2>\n\n\n\n<div class=\"wp-block-columns is-layout-flex wp-container-core-columns-is-layout-9d6595d7 wp-block-columns-is-layout-flex\">\n<div class=\"wp-block-column is-layout-flow wp-block-column-is-layout-flow\">\n<h2 class=\"wp-block-heading has-text-align-center\">Jeudi 4 juin<\/h2>\n\n\n\n<figure class=\"wp-block-image size-large\"><img loading=\"lazy\" decoding=\"async\" width=\"759\" height=\"1024\" src=\"http:\/\/arci-hdf.org\/wp-content\/uploads\/2026\/05\/AFFICHE-LSDM-scaled-1-759x1024.jpg\" alt=\"\" class=\"wp-image-2749\" srcset=\"https:\/\/arci-hdf.org\/wp-content\/uploads\/2026\/05\/AFFICHE-LSDM-scaled-1-759x1024.jpg 759w, https:\/\/arci-hdf.org\/wp-content\/uploads\/2026\/05\/AFFICHE-LSDM-scaled-1-222x300.jpg 222w, https:\/\/arci-hdf.org\/wp-content\/uploads\/2026\/05\/AFFICHE-LSDM-scaled-1-768x1036.jpg 768w, https:\/\/arci-hdf.org\/wp-content\/uploads\/2026\/05\/AFFICHE-LSDM-scaled-1-1138x1536.jpg 1138w, https:\/\/arci-hdf.org\/wp-content\/uploads\/2026\/05\/AFFICHE-LSDM-scaled-1-1518x2048.jpg 1518w, https:\/\/arci-hdf.org\/wp-content\/uploads\/2026\/05\/AFFICHE-LSDM-scaled-1-1024x1382.jpg 1024w, https:\/\/arci-hdf.org\/wp-content\/uploads\/2026\/05\/AFFICHE-LSDM-scaled-1-800x1080.jpg 800w, https:\/\/arci-hdf.org\/wp-content\/uploads\/2026\/05\/AFFICHE-LSDM-scaled-1.jpg 1897w\" sizes=\"auto, (max-width: 759px) 100vw, 759px\" \/><\/figure>\n\n\n\n<p class=\"has-text-align-center\"><strong>Le secret des m\u00e9sanges (2025)<\/strong><br>1h17 | Animation, Aventure, Famille | de Antoine Lanciaux<br>\u00e0 partir de 7 ans<\/p>\n\n\n\n<p class=\"has-text-align-center\"><strong>\u00c0 Ochtezeele, le 4 juin &#8211; 13h30 (scolaire)<\/strong><br><em>Suivi d\u2019un atelier manuel et cr\u00e9atif pour les enfants autour des techniques d\u2019animation<\/em><\/p>\n\n\n\n<hr class=\"wp-block-separator has-alpha-channel-opacity\"\/>\n\n\n\n<p class=\"has-text-align-center\"><strong>\u00c0 Cormeilles, le 4 juin &#8211; 17h45<\/strong><br><em>Suivi d\u2019un atelier manuel et cr\u00e9atif pour les enfants autour des techniques d\u2019animation<\/em><\/p>\n\n\n\n<p><\/p>\n\n\n\n<figure class=\"wp-block-image size-large\"><img loading=\"lazy\" decoding=\"async\" width=\"752\" height=\"1024\" src=\"https:\/\/arci-hdf.org\/wp-content\/uploads\/2026\/05\/3518c6f808103a8e4588398476337782-752x1024.jpg\" alt=\"\" class=\"wp-image-2753\" srcset=\"https:\/\/arci-hdf.org\/wp-content\/uploads\/2026\/05\/3518c6f808103a8e4588398476337782-752x1024.jpg 752w, https:\/\/arci-hdf.org\/wp-content\/uploads\/2026\/05\/3518c6f808103a8e4588398476337782-220x300.jpg 220w, https:\/\/arci-hdf.org\/wp-content\/uploads\/2026\/05\/3518c6f808103a8e4588398476337782-768x1046.jpg 768w, https:\/\/arci-hdf.org\/wp-content\/uploads\/2026\/05\/3518c6f808103a8e4588398476337782-1128x1536.jpg 1128w, https:\/\/arci-hdf.org\/wp-content\/uploads\/2026\/05\/3518c6f808103a8e4588398476337782-1024x1394.jpg 1024w, https:\/\/arci-hdf.org\/wp-content\/uploads\/2026\/05\/3518c6f808103a8e4588398476337782-793x1080.jpg 793w, https:\/\/arci-hdf.org\/wp-content\/uploads\/2026\/05\/3518c6f808103a8e4588398476337782.jpg 1175w\" sizes=\"auto, (max-width: 752px) 100vw, 752px\" \/><\/figure>\n\n\n\n<p class=\"has-text-align-center\"><strong>Un \u00e9t\u00e9 \u00e0 la ferme (2026)<\/strong><br>1h40 | Documentaire | de Hugo Willocq | Tout public<\/p>\n\n\n\n<p class=\"has-text-align-center\"><strong>\u00c0 Radinghem, le 4 juin &#8211; 20h<\/strong><br><em>Suivi ou pr\u00e9c\u00e9d\u00e9 d\u2019une animation<\/em><\/p>\n\n\n\n<figure class=\"wp-block-image size-large\"><img loading=\"lazy\" decoding=\"async\" width=\"724\" height=\"1024\" src=\"https:\/\/arci-hdf.org\/wp-content\/uploads\/2026\/05\/GDP_A3_page-0001-724x1024.jpg\" alt=\"\" class=\"wp-image-2755\" srcset=\"https:\/\/arci-hdf.org\/wp-content\/uploads\/2026\/05\/GDP_A3_page-0001-724x1024.jpg 724w, https:\/\/arci-hdf.org\/wp-content\/uploads\/2026\/05\/GDP_A3_page-0001-212x300.jpg 212w, https:\/\/arci-hdf.org\/wp-content\/uploads\/2026\/05\/GDP_A3_page-0001-768x1086.jpg 768w, https:\/\/arci-hdf.org\/wp-content\/uploads\/2026\/05\/GDP_A3_page-0001-1086x1536.jpg 1086w, https:\/\/arci-hdf.org\/wp-content\/uploads\/2026\/05\/GDP_A3_page-0001-1448x2048.jpg 1448w, https:\/\/arci-hdf.org\/wp-content\/uploads\/2026\/05\/GDP_A3_page-0001-1024x1448.jpg 1024w, https:\/\/arci-hdf.org\/wp-content\/uploads\/2026\/05\/GDP_A3_page-0001-764x1080.jpg 764w, https:\/\/arci-hdf.org\/wp-content\/uploads\/2026\/05\/GDP_A3_page-0001.jpg 1754w\" sizes=\"auto, (max-width: 724px) 100vw, 724px\" \/><\/figure>\n\n\n\n<p class=\"has-text-align-center\"><strong>La Guerre des prix (2026)<\/strong><br>1h36 | Thriller | de Anthony Dechaux \u00e0 partir de 12 ans<\/p>\n\n\n\n<p class=\"has-text-align-center\"><strong>\u00c0 Cormeilles, le 4 juin &#8211; 20h30<\/strong><br><em>D\u00e9gustation de produits Bio &#8211; Atelier pour l\u2019achat conscient &#8211; En partenariat avec l\u2019association \u00c9changes pour une Terre Solidaire et une ferme mara\u00eech\u00e8re locale.<\/em><\/p>\n<\/div>\n\n\n\n<div class=\"wp-block-column is-layout-flow wp-block-column-is-layout-flow\">\n<h2 class=\"wp-block-heading has-text-align-center\">Vendredi 5 juin<\/h2>\n\n\n\n<figure class=\"wp-block-image size-large\"><img loading=\"lazy\" decoding=\"async\" width=\"751\" height=\"1024\" src=\"https:\/\/arci-hdf.org\/wp-content\/uploads\/2026\/05\/073901-751x1024.jpg\" alt=\"\" class=\"wp-image-2756\" srcset=\"https:\/\/arci-hdf.org\/wp-content\/uploads\/2026\/05\/073901-751x1024.jpg 751w, https:\/\/arci-hdf.org\/wp-content\/uploads\/2026\/05\/073901-220x300.jpg 220w, https:\/\/arci-hdf.org\/wp-content\/uploads\/2026\/05\/073901-768x1047.jpg 768w, https:\/\/arci-hdf.org\/wp-content\/uploads\/2026\/05\/073901-1127x1536.jpg 1127w, https:\/\/arci-hdf.org\/wp-content\/uploads\/2026\/05\/073901-1024x1396.jpg 1024w, https:\/\/arci-hdf.org\/wp-content\/uploads\/2026\/05\/073901-792x1080.jpg 792w, https:\/\/arci-hdf.org\/wp-content\/uploads\/2026\/05\/073901.jpg 1174w\" sizes=\"auto, (max-width: 751px) 100vw, 751px\" \/><\/figure>\n\n\n\n<p class=\"has-text-align-center\"><strong>Le parfum de la carotte (2014)<\/strong><br>45 min | Animation | de R\u00e9mi Durin, Arnaud Demuynck, Pascale Hecquet &#8211; \u00e0 partir de 4 ans<\/p>\n\n\n\n<p class=\"has-text-align-center\"><strong>\u00c0 Aulnoye-Aymeries, le 5 juin &#8211; 9h45 (scolaire)<\/strong><br><em>Animation autour de l\u2019alimentation v\u00e9g\u00e9tale<\/em><\/p>\n\n\n\n<figure class=\"wp-block-image size-large\"><img loading=\"lazy\" decoding=\"async\" width=\"724\" height=\"1024\" src=\"http:\/\/arci-hdf.org\/wp-content\/uploads\/2026\/05\/GDP_A3_page-0001-724x1024.jpg\" alt=\"\" class=\"wp-image-2755\" srcset=\"https:\/\/arci-hdf.org\/wp-content\/uploads\/2026\/05\/GDP_A3_page-0001-724x1024.jpg 724w, https:\/\/arci-hdf.org\/wp-content\/uploads\/2026\/05\/GDP_A3_page-0001-212x300.jpg 212w, https:\/\/arci-hdf.org\/wp-content\/uploads\/2026\/05\/GDP_A3_page-0001-768x1086.jpg 768w, https:\/\/arci-hdf.org\/wp-content\/uploads\/2026\/05\/GDP_A3_page-0001-1086x1536.jpg 1086w, https:\/\/arci-hdf.org\/wp-content\/uploads\/2026\/05\/GDP_A3_page-0001-1448x2048.jpg 1448w, https:\/\/arci-hdf.org\/wp-content\/uploads\/2026\/05\/GDP_A3_page-0001-1024x1448.jpg 1024w, https:\/\/arci-hdf.org\/wp-content\/uploads\/2026\/05\/GDP_A3_page-0001-764x1080.jpg 764w, https:\/\/arci-hdf.org\/wp-content\/uploads\/2026\/05\/GDP_A3_page-0001.jpg 1754w\" sizes=\"auto, (max-width: 724px) 100vw, 724px\" \/><\/figure>\n\n\n\n<p class=\"has-text-align-center\"><strong>La Guerre des prix (2026)<\/strong><br>1h36 | Thriller | de Anthony Dechaux \u00e0 partir de 12 ans<\/p>\n\n\n\n<p class=\"has-text-align-center\"><strong>\u00c0 Fruges, le 5 juin &#8211; 19h15<\/strong><br><em>Cin\u00e9-d\u00e9bat soupe offerte par le PAT du Haut-Pays-Montreuillois.<\/em><\/p>\n\n\n\n<hr class=\"wp-block-separator has-alpha-channel-opacity\"\/>\n\n\n\n<p class=\"has-text-align-center\"><strong>\u00c0 Avesne-Chaussoy, le 5 juin &#8211; 20h30<\/strong><br><em>Animation autour de la s\u00e9ance<\/em><\/p>\n<\/div>\n\n\n\n<div class=\"wp-block-column is-layout-flow wp-block-column-is-layout-flow\">\n<h2 class=\"wp-block-heading has-text-align-center\">Samedi 6 juin<\/h2>\n\n\n\n<figure class=\"wp-block-image size-large\"><img loading=\"lazy\" decoding=\"async\" width=\"752\" height=\"1024\" src=\"https:\/\/arci-hdf.org\/wp-content\/uploads\/2026\/05\/3518c6f808103a8e4588398476337782-1-752x1024.jpg\" alt=\"\" class=\"wp-image-2762\" srcset=\"https:\/\/arci-hdf.org\/wp-content\/uploads\/2026\/05\/3518c6f808103a8e4588398476337782-1-752x1024.jpg 752w, https:\/\/arci-hdf.org\/wp-content\/uploads\/2026\/05\/3518c6f808103a8e4588398476337782-1-220x300.jpg 220w, https:\/\/arci-hdf.org\/wp-content\/uploads\/2026\/05\/3518c6f808103a8e4588398476337782-1-768x1046.jpg 768w, https:\/\/arci-hdf.org\/wp-content\/uploads\/2026\/05\/3518c6f808103a8e4588398476337782-1-1128x1536.jpg 1128w, https:\/\/arci-hdf.org\/wp-content\/uploads\/2026\/05\/3518c6f808103a8e4588398476337782-1-1024x1394.jpg 1024w, https:\/\/arci-hdf.org\/wp-content\/uploads\/2026\/05\/3518c6f808103a8e4588398476337782-1-793x1080.jpg 793w, https:\/\/arci-hdf.org\/wp-content\/uploads\/2026\/05\/3518c6f808103a8e4588398476337782-1.jpg 1175w\" sizes=\"auto, (max-width: 752px) 100vw, 752px\" \/><\/figure>\n\n\n\n<p class=\"has-text-align-center\"><strong>Un \u00e9t\u00e9 \u00e0 la ferme (2026)<\/strong><br>1h40 | Documentaire | de Hugo Willocq | Tout public<\/p>\n\n\n\n<p class=\"has-text-align-center\"><strong>\u00c0 Ramousies, le 6 juin &#8211; 19H15<\/strong><br><em><em>S\u00e9ance en plein air sur le lieu du tournage, pr\u00e9c\u00e9d\u00e9e d\u2019un pique-nique et suivie d\u2019une discussion avec Hugo Willocq, le r\u00e9alisateur.<\/em><\/em><\/p>\n\n\n\n<figure class=\"wp-block-image size-large\"><img loading=\"lazy\" decoding=\"async\" width=\"771\" height=\"1024\" src=\"https:\/\/arci-hdf.org\/wp-content\/uploads\/2026\/05\/f594ebf2a9c15fda9af7844bd21c8a04-771x1024.jpg\" alt=\"\" class=\"wp-image-2763\" srcset=\"https:\/\/arci-hdf.org\/wp-content\/uploads\/2026\/05\/f594ebf2a9c15fda9af7844bd21c8a04-771x1024.jpg 771w, https:\/\/arci-hdf.org\/wp-content\/uploads\/2026\/05\/f594ebf2a9c15fda9af7844bd21c8a04-226x300.jpg 226w, https:\/\/arci-hdf.org\/wp-content\/uploads\/2026\/05\/f594ebf2a9c15fda9af7844bd21c8a04-768x1021.jpg 768w, https:\/\/arci-hdf.org\/wp-content\/uploads\/2026\/05\/f594ebf2a9c15fda9af7844bd21c8a04-1156x1536.jpg 1156w, https:\/\/arci-hdf.org\/wp-content\/uploads\/2026\/05\/f594ebf2a9c15fda9af7844bd21c8a04-1024x1361.jpg 1024w, https:\/\/arci-hdf.org\/wp-content\/uploads\/2026\/05\/f594ebf2a9c15fda9af7844bd21c8a04-813x1080.jpg 813w, https:\/\/arci-hdf.org\/wp-content\/uploads\/2026\/05\/f594ebf2a9c15fda9af7844bd21c8a04.jpg 1204w\" sizes=\"auto, (max-width: 771px) 100vw, 771px\" \/><\/figure>\n\n\n\n<p class=\"has-text-align-center\"><strong>La terre de mon grand-p\u00e8re (2026)<\/strong><br>1h25 | Documentaire | de Martin Esposito Tout public<\/p>\n\n\n\n<p class=\"has-text-align-center\"><strong>\u00c0 Songeons, le 6 juin &#8211; 22h<\/strong><br><em>S\u00e9ance en plein air avec une animation<\/em><\/p>\n\n\n\n<figure class=\"wp-block-image size-large\"><img loading=\"lazy\" decoding=\"async\" width=\"768\" height=\"1024\" src=\"https:\/\/arci-hdf.org\/wp-content\/uploads\/2026\/05\/cde74f5fc87323a9daced58b9f1ceeb0-768x1024.jpg\" alt=\"\" class=\"wp-image-2764\" srcset=\"https:\/\/arci-hdf.org\/wp-content\/uploads\/2026\/05\/cde74f5fc87323a9daced58b9f1ceeb0-768x1024.jpg 768w, https:\/\/arci-hdf.org\/wp-content\/uploads\/2026\/05\/cde74f5fc87323a9daced58b9f1ceeb0-225x300.jpg 225w, https:\/\/arci-hdf.org\/wp-content\/uploads\/2026\/05\/cde74f5fc87323a9daced58b9f1ceeb0-1152x1536.jpg 1152w, https:\/\/arci-hdf.org\/wp-content\/uploads\/2026\/05\/cde74f5fc87323a9daced58b9f1ceeb0-1024x1365.jpg 1024w, https:\/\/arci-hdf.org\/wp-content\/uploads\/2026\/05\/cde74f5fc87323a9daced58b9f1ceeb0-810x1080.jpg 810w, https:\/\/arci-hdf.org\/wp-content\/uploads\/2026\/05\/cde74f5fc87323a9daced58b9f1ceeb0.jpg 1200w\" sizes=\"auto, (max-width: 768px) 100vw, 768px\" \/><\/figure>\n\n\n\n<p class=\"has-text-align-center\"><strong>C&rsquo;est le monde \u00e0 l&rsquo;envers (2024)<\/strong><br>1h54 | Com\u00e9die | de Nicolas Vanier Tout public<\/p>\n\n\n\n<p class=\"has-text-align-center\"><strong>\u00c0 Crouy-Saint-Pierre, le 6 juin &#8211; 22h30<\/strong><br><em>S\u00e9ance en plein air avec une animation<\/em><\/p>\n<\/div>\n<\/div>\n\n\n\n<p><\/p>\n","protected":false},"excerpt":{"rendered":"<p>En campagne ! est n\u00e9 d\u2019une volont\u00e9 commune des trois circuits de cin\u00e9ma itin\u00e9rant de mutualiser une programmation r\u00e9gionale centr\u00e9e sur les enjeux de la ruralit\u00e9. Pens\u00e9 \u00e0 l\u2019\u00e9chelle des Hauts-de-France, le projet vise \u00e0 renforcer les partenariats locaux et \u00e0 r\u00e9pondre de mani\u00e8re concert\u00e9e aux besoins exprim\u00e9s par les communes partenaires. Retrouvez la programmation&hellip; <br \/> <a class=\"button small blue\" href=\"https:\/\/arci-hdf.org\/?page_id=2748\">Lire la suite<\/a><\/p>\n","protected":false},"author":1,"featured_media":0,"parent":0,"menu_order":0,"comment_status":"closed","ping_status":"closed","template":"","meta":{"footnotes":""},"class_list":["post-2748","page","type-page","status-publish","hentry"],"_links":{"self":[{"href":"https:\/\/arci-hdf.org\/index.php?rest_route=\/wp\/v2\/pages\/2748","targetHints":{"allow":["GET"]}}],"collection":[{"href":"https:\/\/arci-hdf.org\/index.php?rest_route=\/wp\/v2\/pages"}],"about":[{"href":"https:\/\/arci-hdf.org\/index.php?rest_route=\/wp\/v2\/types\/page"}],"author":[{"embeddable":true,"href":"https:\/\/arci-hdf.org\/index.php?rest_route=\/wp\/v2\/users\/1"}],"replies":[{"embeddable":true,"href":"https:\/\/arci-hdf.org\/index.php?rest_route=%2Fwp%2Fv2%2Fcomments&post=2748"}],"version-history":[{"count":7,"href":"https:\/\/arci-hdf.org\/index.php?rest_route=\/wp\/v2\/pages\/2748\/revisions"}],"predecessor-version":[{"id":2768,"href":"https:\/\/arci-hdf.org\/index.php?rest_route=\/wp\/v2\/pages\/2748\/revisions\/2768"}],"wp:attachment":[{"href":"https:\/\/arci-hdf.org\/index.php?rest_route=%2Fwp%2Fv2%2Fmedia&parent=2748"}],"curies":[{"name":"wp","href":"https:\/\/api.w.org\/{rel}","templated":true}]}}